Last updated on 2024-04-23 08:57:37 CEST.
Flavor | Version | Tinstall | Tcheck | Ttotal | Status | Flags |
---|---|---|---|---|---|---|
r-devel-linux-x86_64-debian-clang | 1.0.1 | 6.06 | 69.59 | 75.65 | NOTE | |
r-devel-linux-x86_64-debian-gcc | 1.0.1 | 4.37 | 52.05 | 56.42 | NOTE | |
r-devel-linux-x86_64-fedora-clang | 1.0.1 | 98.91 | NOTE | |||
r-devel-linux-x86_64-fedora-gcc | 1.0.1 | 109.14 | NOTE | |||
r-prerel-macos-arm64 | 1.0.1 | 36.00 | NOTE | |||
r-prerel-windows-x86_64 | 1.0.1 | 6.00 | 73.00 | 79.00 | NOTE | |
r-patched-linux-x86_64 | 1.0.1 | 5.98 | 66.07 | 72.05 | NOTE | |
r-release-linux-x86_64 | 1.0.1 | 5.49 | 65.26 | 70.75 | NOTE | |
r-release-macos-arm64 | 1.0.1 | 35.00 | NOTE | |||
r-release-macos-x86_64 | 1.0.1 | 58.00 | NOTE | |||
r-release-windows-x86_64 | 1.0.1 | 8.00 | 80.00 | 88.00 | NOTE | |
r-oldrel-macos-arm64 | 1.0.1 | 30.00 | NOTE | |||
r-oldrel-windows-x86_64 | 1.0.1 | 9.00 | 81.00 | 90.00 | NOTE |
Version: 1.0.1
Check: LazyData
Result: NOTE
'LazyData' is specified without a 'data' directory
Flavors: r-devel-linux-x86_64-debian-clang, r-devel-linux-x86_64-debian-gcc, r-devel-linux-x86_64-fedora-clang, r-devel-linux-x86_64-fedora-gcc, r-prerel-macos-arm64, r-prerel-windows-x86_64, r-patched-linux-x86_64, r-release-linux-x86_64, r-release-macos-arm64, r-release-macos-x86_64, r-release-windows-x86_64, r-oldrel-macos-arm64, r-oldrel-windows-x86_64