CRAN Package Check Results for Package ACNE

Last updated on 2024-07-22 08:48:59 CEST.

Flavor Version Tinstall Tcheck Ttotal Status Flags
r-devel-linux-x86_64-debian-clang 0.9.1 8.03 65.00 73.03 OK
r-devel-linux-x86_64-debian-gcc 0.9.1 5.89 49.02 54.91 NOTE
r-devel-linux-x86_64-fedora-clang 0.9.1 90.32 OK
r-devel-linux-x86_64-fedora-gcc 0.9.1 89.54 OK
r-devel-windows-x86_64 0.9.1 9.00 69.00 78.00 NOTE
r-patched-linux-x86_64 0.9.1 12.47 61.10 73.57 OK
r-release-linux-x86_64 0.9.1 4.70 66.90 71.60 OK
r-release-macos-arm64 0.9.1 30.00 OK
r-release-macos-x86_64 0.9.1 44.00 OK
r-release-windows-x86_64 0.9.1 8.00 67.00 75.00 OK
r-oldrel-macos-arm64 0.9.1 31.00 OK
r-oldrel-macos-x86_64 0.9.1 56.00 OK
r-oldrel-windows-x86_64 0.9.1 9.00 79.00 88.00 OK

Check Details

Version: 0.9.1
Check: Rd cross-references
Result: NOTE Found the following Rd file(s) with Rd \link{} targets missing package anchors: doACNE.Rd: AffymetrixCelSet, Verbose Please provide package anchors for all Rd \link{} targets not in the package itself and the base packages. Flavors: r-devel-linux-x86_64-debian-gcc, r-devel-windows-x86_64