Last updated on 2023-01-28 08:00:27 CET.
Flavor | Version | Tinstall | Tcheck | Ttotal | Status | Flags |
---|---|---|---|---|---|---|
r-devel-linux-x86_64-debian-clang | 0.3.3 | 76.53 | 78.97 | 155.50 | OK | |
r-devel-linux-x86_64-debian-gcc | 0.3.3 | 61.74 | 59.26 | 121.00 | NOTE | |
r-devel-linux-x86_64-fedora-clang | 0.3.3 | 213.41 | OK | |||
r-devel-linux-x86_64-fedora-gcc | 0.3.3 | 195.15 | NOTE | |||
r-devel-windows-x86_64 | 0.3.3 | 60.00 | 143.00 | 203.00 | OK | |
r-patched-linux-x86_64 | 0.3.3 | 69.41 | 76.02 | 145.43 | OK | |
r-release-linux-x86_64 | 0.3.3 | 65.50 | 75.44 | 140.94 | OK | |
r-release-macos-arm64 | 0.3.3 | 54.00 | NOTE | |||
r-release-macos-x86_64 | 0.3.3 | 67.00 | NOTE | |||
r-release-windows-x86_64 | 0.3.3 | 60.00 | 151.00 | 211.00 | OK | |
r-oldrel-macos-arm64 | 0.3.3 | 57.00 | NOTE | |||
r-oldrel-macos-x86_64 | 0.3.3 | 72.00 | NOTE | |||
r-oldrel-windows-ix86+x86_64 | 0.3.3 | 169.00 | 136.00 | 305.00 | OK |
Version: 0.3.3
Check: C++ specification
Result: NOTE
Specified C++11: please update to current default of C++17
Flavors: r-devel-linux-x86_64-debian-gcc, r-devel-linux-x86_64-fedora-gcc
Version: 0.3.3
Check: installed package size
Result: NOTE
installed size is 6.2Mb
sub-directories of 1Mb or more:
libs 6.0Mb
Flavors: r-release-macos-arm64, r-release-macos-x86_64, r-oldrel-macos-arm64, r-oldrel-macos-x86_64