CRAN Package Check Results for Package AEDForecasting

Last updated on 2021-05-09 08:50:09 CEST.

Flavor Version Tinstall Tcheck Ttotal Status Flags
r-devel-linux-x86_64-debian-clang 0.20.0 2.26 25.44 27.70 NOTE
r-devel-linux-x86_64-debian-gcc 0.20.0 1.78 19.90 21.68 NOTE
r-devel-linux-x86_64-fedora-clang 0.20.0 45.83 NOTE
r-devel-linux-x86_64-fedora-gcc 0.20.0 35.38 NOTE
r-devel-windows-ix86+x86_64 0.20.0 14.00 43.00 57.00 NOTE
r-devel-windows-x86_64-gcc10-UCRT 0.20.0 NOTE
r-patched-linux-x86_64 0.20.0 2.20 25.11 27.31 NOTE
r-patched-solaris-x86 0.20.0 51.80 OK
r-release-linux-x86_64 0.20.0 2.16 25.38 27.54 OK
r-release-macos-x86_64 0.20.0 OK
r-release-windows-ix86+x86_64 0.20.0 4.00 32.00 36.00 OK
r-oldrel-macos-x86_64 0.20.0 OK
r-oldrel-windows-ix86+x86_64 0.20.0 4.00 11.00 15.00 OK

Check Details

Version: 0.20.0
Check: LazyData
Result: NOTE
     'LazyData' is specified without a 'data' directory
Flavors: r-devel-linux-x86_64-debian-clang, r-devel-linux-x86_64-debian-gcc, r-devel-linux-x86_64-fedora-clang, r-devel-linux-x86_64-fedora-gcc, r-devel-windows-ix86+x86_64, r-devel-windows-x86_64-gcc10-UCRT, r-patched-linux-x86_64