Last updated on 2024-03-12 07:49:47 CET.
Flavor | Version | Tinstall | Tcheck | Ttotal | Status | Flags |
---|---|---|---|---|---|---|
r-devel-linux-x86_64-debian-clang | 0.1.0 | 6.41 | 58.02 | 64.43 | NOTE | |
r-devel-linux-x86_64-debian-gcc | 0.1.0 | 5.25 | 45.22 | 50.47 | NOTE | |
r-devel-linux-x86_64-fedora-clang | 0.1.0 | 84.09 | NOTE | |||
r-devel-linux-x86_64-fedora-gcc | 0.1.0 | 77.37 | NOTE | |||
r-devel-windows-x86_64 | 0.1.0 | 8.00 | 61.00 | 69.00 | NOTE | |
r-patched-linux-x86_64 | 0.1.0 | 7.11 | 56.43 | 63.54 | NOTE | |
r-release-linux-x86_64 | 0.1.0 | 6.74 | 58.40 | 65.14 | NOTE | |
r-release-macos-arm64 | 0.1.0 | 31.00 | NOTE | |||
r-release-macos-x86_64 | 0.1.0 | 43.00 | NOTE | |||
r-release-windows-x86_64 | 0.1.0 | 10.00 | 69.00 | 79.00 | NOTE | |
r-oldrel-macos-arm64 | 0.1.0 | 27.00 | NOTE | |||
r-oldrel-windows-x86_64 | 0.1.0 | 10.00 | 77.00 | 87.00 | NOTE |
Version: 0.1.0
Check: LazyData
Result: NOTE
'LazyData' is specified without a 'data' directory
Flavors: r-devel-linux-x86_64-debian-clang, r-devel-linux-x86_64-debian-gcc, r-devel-linux-x86_64-fedora-clang, r-devel-linux-x86_64-fedora-gcc, r-devel-windows-x86_64, r-patched-linux-x86_64, r-release-linux-x86_64, r-release-macos-arm64, r-release-macos-x86_64, r-release-windows-x86_64, r-oldrel-macos-arm64, r-oldrel-windows-x86_64