Last updated on 2024-03-12 07:49:47 CET.
Flavor | Version | Tinstall | Tcheck | Ttotal | Status | Flags |
---|---|---|---|---|---|---|
r-devel-linux-x86_64-debian-clang | 2.3-3 | 79.03 | 415.63 | 494.66 | OK | |
r-devel-linux-x86_64-debian-gcc | 2.3-3 | 59.84 | 339.02 | 398.86 | OK | |
r-devel-linux-x86_64-fedora-clang | 2.3-3 | 630.79 | NOTE | |||
r-devel-linux-x86_64-fedora-gcc | 2.3-3 | 673.27 | OK | |||
r-devel-windows-x86_64 | 2.3-3 | 65.00 | 329.00 | 394.00 | OK | |
r-patched-linux-x86_64 | 2.3-3 | 65.89 | 437.51 | 503.40 | OK | |
r-release-linux-x86_64 | 2.3-3 | 63.33 | 431.20 | 494.53 | OK | |
r-release-macos-arm64 | 2.3-3 | 150.00 | OK | |||
r-release-macos-x86_64 | 2.3-3 | 383.00 | OK | |||
r-release-windows-x86_64 | 2.3-3 | 86.00 | 403.00 | 489.00 | OK | |
r-oldrel-macos-arm64 | 2.3-3 | 138.00 | OK | |||
r-oldrel-windows-x86_64 | 2.3-3 | 92.00 | 395.00 | 487.00 | OK |
Version: 2.3-3
Check: Rd cross-references
Result: NOTE
Undeclared packages ‘multcomp’, ‘gmodels’ in Rd xrefs
Flavor: r-devel-linux-x86_64-fedora-clang