Last updated on 2024-03-12 07:49:47 CET.
Flavor | Version | Tinstall | Tcheck | Ttotal | Status | Flags |
---|---|---|---|---|---|---|
r-devel-linux-x86_64-debian-clang | 0.6.3.2 | 5.52 | 69.29 | 74.81 | OK | |
r-devel-linux-x86_64-debian-gcc | 0.6.3.2 | 4.74 | 54.07 | 58.81 | OK | |
r-devel-linux-x86_64-fedora-clang | 0.6.3.2 | 96.25 | NOTE | |||
r-devel-linux-x86_64-fedora-gcc | 0.6.3.2 | 103.29 | NOTE | |||
r-devel-windows-x86_64 | 0.6.3.2 | 7.00 | 80.00 | 87.00 | OK | |
r-patched-linux-x86_64 | 0.6.3.2 | 11.47 | 69.68 | 81.15 | OK | |
r-release-linux-x86_64 | 0.6.3.2 | 5.67 | 68.82 | 74.49 | OK | |
r-release-macos-arm64 | 0.6.3.2 | 37.00 | OK | |||
r-release-macos-x86_64 | 0.6.3.2 | 58.00 | OK | |||
r-release-windows-x86_64 | 0.6.3.2 | 9.00 | 83.00 | 92.00 | OK | |
r-oldrel-macos-arm64 | 0.6.3.2 | 31.00 | NOTE | |||
r-oldrel-windows-x86_64 | 0.6.3.2 | 8.00 | 84.00 | 92.00 | OK |
Version: 0.6.3.2
Check: dependencies in R code
Result: NOTE
Namespaces in Imports field not imported from:
‘Rsolnp’ ‘SuperLearner’ ‘future.apply’ ‘ggplot2’ ‘progressr’ ‘stats’
‘utils’
All declared Imports should be used.
Flavors: r-devel-linux-x86_64-fedora-clang, r-devel-linux-x86_64-fedora-gcc, r-oldrel-macos-arm64