Last updated on 2024-04-24 07:57:33 CEST.
Flavor | Version | Tinstall | Tcheck | Ttotal | Status | Flags |
---|---|---|---|---|---|---|
r-devel-linux-x86_64-debian-clang | 0.1.4 | 11.20 | 61.63 | 72.83 | OK | |
r-devel-linux-x86_64-debian-gcc | 0.1.4 | 7.75 | 46.56 | 54.31 | OK | |
r-devel-linux-x86_64-fedora-clang | 0.1.4 | 94.77 | OK | |||
r-devel-linux-x86_64-fedora-gcc | 0.1.4 | 107.17 | OK | |||
r-prerel-macos-arm64 | 0.1.4 | 35.00 | OK | |||
r-prerel-windows-x86_64 | 0.1.4 | 9.00 | 68.00 | 77.00 | OK | |
r-patched-linux-x86_64 | 0.1.4 | 10.15 | 59.52 | 69.67 | OK | |
r-release-linux-x86_64 | 0.1.4 | 9.09 | 58.94 | 68.03 | OK | |
r-release-macos-arm64 | 0.1.4 | 37.00 | OK | |||
r-release-macos-x86_64 | 0.1.4 | 49.00 | NOTE | |||
r-release-windows-x86_64 | 0.1.4 | 12.00 | 74.00 | 86.00 | OK | |
r-oldrel-macos-arm64 | 0.1.4 | 88.00 | OK | |||
r-oldrel-windows-x86_64 | 0.1.4 | 12.00 | 77.00 | 89.00 | OK |
Version: 0.1.4
Check: package dependencies
Result: NOTE
Package suggested but not available for checking: ‘AICcmodavg’
Flavor: r-release-macos-x86_64