Last updated on 2024-04-20 08:50:43 CEST.
Flavor | Version | Tinstall | Tcheck | Ttotal | Status | Flags |
---|---|---|---|---|---|---|
r-devel-linux-x86_64-debian-clang | 6.8.8 | 8.86 | 84.75 | 93.61 | NOTE | |
r-devel-linux-x86_64-debian-gcc | 6.8.8 | 7.77 | 60.82 | 68.59 | NOTE | |
r-devel-linux-x86_64-fedora-clang | 6.8.8 | 116.42 | NOTE | |||
r-devel-linux-x86_64-fedora-gcc | 6.8.8 | 120.73 | NOTE | |||
r-prerel-macos-arm64 | 6.8.8 | 32.00 | OK | |||
r-prerel-windows-x86_64 | 6.8.8 | 8.00 | 73.00 | 81.00 | OK | |
r-patched-linux-x86_64 | 6.8.8 | 10.27 | 82.20 | 92.47 | NOTE | |
r-release-linux-x86_64 | 6.8.8 | 8.16 | 82.58 | 90.74 | NOTE | |
r-release-macos-arm64 | 6.8.8 | 34.00 | OK | |||
r-release-macos-x86_64 | 6.8.8 | 59.00 | OK | |||
r-release-windows-x86_64 | 6.8.8 | 11.00 | 85.00 | 96.00 | OK | |
r-oldrel-macos-arm64 | 6.8.8 | 34.00 | OK | |||
r-oldrel-windows-x86_64 | 6.8.8 | 14.00 | 90.00 | 104.00 | OK |
Version: 6.8.8
Check: for non-standard things in the check directory
Result: NOTE
Found the following files/directories:
‘APBinary_PPV.csv’ ‘APBinary_TPF.csv’
‘APBinary_ap_summary(method=perturbation,B=1500).csv’
‘APBinary_auc_summary(method=perturbation,B=1500).csv’
‘APSurv_PPV.csv’ ‘APSurv_TPF.csv’
‘APSurv_ap_summary(method=bootstrap,B=500).csv’
‘APSurv_auc_summary(method=bootstrap,B=500).csv’
‘CompareAP_Binary_dap_summary(method=none).csv’
‘CompareAP_Survival_dap_summary(method=bootstrap,B=500).csv’
Flavors: r-devel-linux-x86_64-debian-clang, r-devel-linux-x86_64-debian-gcc, r-devel-linux-x86_64-fedora-clang, r-devel-linux-x86_64-fedora-gcc, r-patched-linux-x86_64, r-release-linux-x86_64