CRAN Package Check Results for Package AROC

Last updated on 2021-05-14 09:50:41 CEST.

Flavor Version Tinstall Tcheck Ttotal Status Flags
r-devel-linux-x86_64-debian-clang 1.0-3 14.57 167.64 182.21 OK
r-devel-linux-x86_64-debian-gcc 1.0-3 11.76 123.46 135.22 OK
r-devel-linux-x86_64-fedora-clang 1.0-3 233.67 OK
r-devel-linux-x86_64-fedora-gcc 1.0-3 227.61 OK
r-devel-windows-ix86+x86_64 1.0-3 37.00 201.00 238.00 OK
r-devel-windows-x86_64-gcc10-UCRT 1.0-3 OK
r-patched-linux-x86_64 1.0-3 13.15 158.74 171.89 OK
r-patched-solaris-x86 1.0-3 293.90 OK
r-release-linux-x86_64 1.0-3 13.41 158.80 172.21 OK
r-release-macos-x86_64 1.0-3 OK
r-release-windows-ix86+x86_64 1.0-3 28.00 153.00 181.00 OK
r-oldrel-macos-x86_64 1.0-3 OK
r-oldrel-windows-ix86+x86_64 1.0-3 31.00 4.00 35.00 ERROR

Check Details

Version: 1.0-3
Check: whether package can be installed
Result: ERROR
    Installation failed.
Flavor: r-oldrel-windows-ix86+x86_64