Last updated on 2024-04-23 08:57:37 CEST.
Flavor | Version | Tinstall | Tcheck | Ttotal | Status | Flags |
---|---|---|---|---|---|---|
r-devel-linux-x86_64-debian-clang | 0.1.2 | 20.08 | 35.67 | 55.75 | NOTE | |
r-devel-linux-x86_64-debian-gcc | 0.1.2 | 17.07 | 32.83 | 49.90 | NOTE | |
r-devel-linux-x86_64-fedora-clang | 0.1.2 | 91.83 | NOTE | |||
r-devel-linux-x86_64-fedora-gcc | 0.1.2 | 99.14 | NOTE | |||
r-prerel-macos-arm64 | 0.1.2 | 31.00 | NOTE | |||
r-prerel-windows-x86_64 | 0.1.2 | 19.00 | 69.00 | 88.00 | NOTE | |
r-patched-linux-x86_64 | 0.1.2 | 22.94 | 40.67 | 63.61 | NOTE | |
r-release-linux-x86_64 | 0.1.2 | 23.33 | 42.51 | 65.84 | NOTE | |
r-release-macos-arm64 | 0.1.2 | 32.00 | NOTE | |||
r-release-macos-x86_64 | 0.1.2 | 51.00 | NOTE | |||
r-release-windows-x86_64 | 0.1.2 | 19.00 | 86.00 | 105.00 | NOTE | |
r-oldrel-macos-arm64 | 0.1.2 | 33.00 | NOTE | |||
r-oldrel-windows-x86_64 | 0.1.2 | 24.00 | 85.00 | 109.00 | NOTE |
Version: 0.1.2
Check: package dependencies
Result: NOTE
Package suggested but not available for checking: ‘Biostrings’
Flavor: r-devel-linux-x86_64-debian-clang
Version: 0.1.2
Check: C++ specification
Result: NOTE
Specified C++11: please drop specification unless essential
Flavors: r-devel-linux-x86_64-debian-clang, r-devel-linux-x86_64-debian-gcc, r-devel-linux-x86_64-fedora-clang, r-devel-linux-x86_64-fedora-gcc, r-prerel-macos-arm64, r-prerel-windows-x86_64, r-patched-linux-x86_64, r-release-linux-x86_64, r-release-macos-arm64, r-release-macos-x86_64, r-release-windows-x86_64
Version: 0.1.2
Check: Rd cross-references
Result: NOTE
Package unavailable to check Rd xrefs: ‘Biostrings’
Flavor: r-devel-linux-x86_64-debian-clang
Version: 0.1.2
Check: LazyData
Result: NOTE
'LazyData' is specified without a 'data' directory
Flavors: r-devel-linux-x86_64-debian-clang, r-devel-linux-x86_64-debian-gcc, r-devel-linux-x86_64-fedora-clang, r-devel-linux-x86_64-fedora-gcc, r-prerel-macos-arm64, r-prerel-windows-x86_64, r-patched-linux-x86_64, r-release-linux-x86_64, r-release-macos-arm64, r-release-macos-x86_64, r-release-windows-x86_64, r-oldrel-macos-arm64, r-oldrel-windows-x86_64