CRAN Package Check Results for Package Amelia

Last updated on 2021-05-10 08:49:02 CEST.

Flavor Version Tinstall Tcheck Ttotal Status Flags
r-devel-linux-x86_64-debian-clang 1.7.6 40.91 85.99 126.90 OK
r-devel-linux-x86_64-debian-gcc 1.7.6 30.54 65.92 96.46 OK
r-devel-linux-x86_64-fedora-clang 1.7.6 172.73 OK
r-devel-linux-x86_64-fedora-gcc 1.7.6 171.19 OK
r-devel-windows-ix86+x86_64 1.7.6 64.00 140.00 204.00 OK
r-devel-windows-x86_64-gcc10-UCRT 1.7.6 OK
r-patched-linux-x86_64 1.7.6 32.28 84.40 116.68 OK
r-patched-solaris-x86 1.7.6 186.40 OK
r-release-linux-x86_64 1.7.6 36.52 80.07 116.59 OK
r-release-macos-x86_64 1.7.6 NOTE
r-release-windows-ix86+x86_64 1.7.6 68.00 107.00 175.00 OK
r-oldrel-macos-x86_64 1.7.6 NOTE
r-oldrel-windows-ix86+x86_64 1.7.6 84.00 5.00 89.00 ERROR

Check Details

Version: 1.7.6
Check: package dependencies
Result: NOTE
    Package suggested but not available for checking: ‘Zelig’
Flavor: r-release-macos-x86_64

Version: 1.7.6
Check: installed package size
Result: NOTE
     installed size is 5.2Mb
     sub-directories of 1Mb or more:
     libs 3.8Mb
Flavors: r-release-macos-x86_64, r-oldrel-macos-x86_64

Version: 1.7.6
Check: dependencies in R code
Result: NOTE
    No protocol specified
    No protocol specified
Flavor: r-oldrel-macos-x86_64

Version: 1.7.6
Check: whether package can be installed
Result: ERROR
    Installation failed.
Flavor: r-oldrel-windows-ix86+x86_64