Last updated on 2023-02-05 07:57:12 CET.
Flavor | Version | Tinstall | Tcheck | Ttotal | Status | Flags |
---|---|---|---|---|---|---|
r-devel-linux-x86_64-debian-clang | 1.1.0 | 76.94 | 345.14 | 422.08 | NOTE | |
r-devel-linux-x86_64-debian-gcc | 1.1.0 | 60.99 | 358.04 | 419.03 | NOTE | |
r-devel-linux-x86_64-fedora-clang | 1.1.0 | 479.71 | NOTE | |||
r-devel-linux-x86_64-fedora-gcc | 1.1.0 | 481.88 | NOTE | |||
r-devel-windows-x86_64 | 1.1.0 | 91.00 | 373.00 | 464.00 | NOTE | |
r-patched-linux-x86_64 | 1.1.0 | 59.92 | 352.92 | 412.84 | OK | |
r-release-linux-x86_64 | 1.1.0 | 50.61 | 347.66 | 398.27 | OK | |
r-release-macos-arm64 | 1.1.0 | 119.00 | NOTE | |||
r-release-macos-x86_64 | 1.1.0 | 203.00 | NOTE | |||
r-release-windows-x86_64 | 1.1.0 | 110.00 | 396.00 | 506.00 | OK | |
r-oldrel-macos-arm64 | 1.1.0 | 136.00 | NOTE | |||
r-oldrel-macos-x86_64 | 1.1.0 | 148.00 | NOTE | |||
r-oldrel-windows-ix86+x86_64 | 1.1.0 | 170.00 | 659.00 | 829.00 | OK |
Version: 1.1.0
Check: C++ specification
Result: NOTE
Specified C++11: please update to current default of C++17
Flavors: r-devel-linux-x86_64-debian-clang, r-devel-linux-x86_64-debian-gcc, r-devel-linux-x86_64-fedora-clang, r-devel-linux-x86_64-fedora-gcc, r-devel-windows-x86_64
Version: 1.1.0
Check: dependencies in R code
Result: NOTE
Namespaces in Imports field not imported from:
‘Rdpack’ ‘mcclust’
All declared Imports should be used.
Flavors: r-devel-linux-x86_64-fedora-clang, r-devel-linux-x86_64-fedora-gcc, r-release-macos-arm64, r-release-macos-x86_64, r-oldrel-macos-arm64, r-oldrel-macos-x86_64
Version: 1.1.0
Check: installed package size
Result: NOTE
installed size is 5.7Mb
sub-directories of 1Mb or more:
libs 5.4Mb
Flavors: r-release-macos-arm64, r-release-macos-x86_64, r-oldrel-macos-arm64, r-oldrel-macos-x86_64