CRAN Package Check Results for Package AntMAN

Last updated on 2024-03-04 07:48:21 CET.

Flavor Version Tinstall Tcheck Ttotal Status Flags
r-devel-linux-x86_64-debian-clang 1.1.0 75.74 304.37 380.11 NOTE
r-devel-linux-x86_64-debian-gcc 1.1.0 62.01 330.95 392.96 NOTE
r-devel-linux-x86_64-fedora-clang 1.1.0 527.42 NOTE
r-devel-linux-x86_64-fedora-gcc 1.1.0 566.65 NOTE
r-devel-windows-x86_64 1.1.0 58.00 299.00 357.00 NOTE
r-patched-linux-x86_64 1.1.0 67.90 351.04 418.94 NOTE
r-release-linux-x86_64 1.1.0 57.67 358.86 416.53 NOTE
r-release-macos-arm64 1.1.0 140.00 NOTE
r-release-macos-x86_64 1.1.0 216.00 NOTE
r-release-windows-x86_64 1.1.0 78.00 349.00 427.00 NOTE
r-oldrel-macos-arm64 1.1.0 119.00 NOTE
r-oldrel-windows-x86_64 1.1.0 72.00 339.00 411.00 OK

Check Details

Version: 1.1.0
Check: C++ specification
Result: NOTE Specified C++11: please drop specification unless essential Flavors: r-devel-linux-x86_64-debian-clang, r-devel-linux-x86_64-debian-gcc, r-devel-linux-x86_64-fedora-clang, r-devel-linux-x86_64-fedora-gcc, r-devel-windows-x86_64, r-patched-linux-x86_64, r-release-linux-x86_64, r-release-macos-arm64, r-release-macos-x86_64, r-release-windows-x86_64

Version: 1.1.0
Check: dependencies in R code
Result: NOTE Namespaces in Imports field not imported from: ‘Rdpack’ ‘mcclust’ All declared Imports should be used. Flavors: r-devel-linux-x86_64-fedora-clang, r-devel-linux-x86_64-fedora-gcc, r-oldrel-macos-arm64

Version: 1.1.0
Check: installed package size
Result: NOTE installed size is 5.8Mb sub-directories of 1Mb or more: libs 5.5Mb Flavors: r-release-macos-arm64, r-release-macos-x86_64, r-oldrel-macos-arm64