Last updated on 2024-04-24 07:57:33 CEST.
Flavor | Version | Tinstall | Tcheck | Ttotal | Status | Flags |
---|---|---|---|---|---|---|
r-devel-linux-x86_64-debian-clang | 0.1.0 | 182.62 | 218.65 | 401.27 | NOTE | |
r-devel-linux-x86_64-debian-gcc | 0.1.0 | 158.06 | 168.70 | 326.76 | NOTE | |
r-devel-linux-x86_64-fedora-clang | 0.1.0 | 500.17 | NOTE | |||
r-devel-linux-x86_64-fedora-gcc | 0.1.0 | 594.94 | NOTE | |||
r-prerel-macos-arm64 | 0.1.0 | 117.00 | NOTE | |||
r-prerel-windows-x86_64 | 0.1.0 | 150.00 | 180.00 | 330.00 | NOTE | |
r-patched-linux-x86_64 | 0.1.0 | 169.59 | 222.28 | 391.87 | NOTE | |
r-release-linux-x86_64 | 0.1.0 | 195.61 | 223.07 | 418.68 | NOTE | |
r-release-macos-arm64 | 0.1.0 | 126.00 | NOTE | |||
r-release-macos-x86_64 | 0.1.0 | 200.00 | NOTE | |||
r-release-windows-x86_64 | 0.1.0 | 180.00 | 223.00 | 403.00 | NOTE | |
r-oldrel-macos-arm64 | 0.1.0 | 110.00 | NOTE | |||
r-oldrel-windows-x86_64 | 0.1.0 | 171.00 | 218.00 | 389.00 | NOTE |
Version: 0.1.0
Check: for GNU extensions in Makefiles
Result: NOTE
GNU make is a SystemRequirements.
Flavors: r-devel-linux-x86_64-debian-clang, r-devel-linux-x86_64-debian-gcc, r-devel-linux-x86_64-fedora-clang, r-devel-linux-x86_64-fedora-gcc, r-prerel-macos-arm64, r-prerel-windows-x86_64, r-patched-linux-x86_64, r-release-linux-x86_64, r-release-macos-arm64, r-release-macos-x86_64, r-release-windows-x86_64, r-oldrel-macos-arm64, r-oldrel-windows-x86_64
Version: 0.1.0
Check: package dependencies
Result: NOTE
Imports includes 22 non-default packages.
Importing from so many packages makes the package vulnerable to any of
them becoming unavailable. Move as many as possible to Suggests and
use conditionally.
Flavor: r-devel-linux-x86_64-fedora-clang
Version: 0.1.0
Check: dependencies in R code
Result: NOTE
Namespace in Imports field not imported from: ‘RcppParallel’
All declared Imports should be used.
Flavors: r-devel-linux-x86_64-fedora-clang, r-devel-linux-x86_64-fedora-gcc, r-oldrel-macos-arm64
Version: 0.1.0
Check: installed package size
Result: NOTE
installed size is 40.3Mb
sub-directories of 1Mb or more:
libs 40.1Mb
Flavors: r-prerel-macos-arm64, r-release-macos-arm64, r-release-macos-x86_64, r-oldrel-macos-arm64