Last updated on 2024-03-12 07:49:47 CET.
Flavor | Version | Tinstall | Tcheck | Ttotal | Status | Flags |
---|---|---|---|---|---|---|
r-devel-linux-x86_64-debian-clang | 1.0.4 | 12.04 | 90.92 | 102.96 | OK | |
r-devel-linux-x86_64-debian-gcc | 1.0.4 | 10.89 | 69.99 | 80.88 | OK | |
r-devel-linux-x86_64-fedora-clang | 1.0.4 | 135.94 | NOTE | |||
r-devel-linux-x86_64-fedora-gcc | 1.0.4 | 375.03 | NOTE | |||
r-devel-windows-x86_64 | 1.0.4 | 12.00 | 90.00 | 102.00 | OK | |
r-patched-linux-x86_64 | 1.0.4 | 11.96 | 89.52 | 101.48 | OK | |
r-release-linux-x86_64 | 1.0.4 | 13.79 | 89.82 | 103.61 | OK | |
r-release-macos-arm64 | 1.0.4 | 99.00 | OK | |||
r-release-macos-x86_64 | 1.0.4 | 191.00 | OK | |||
r-release-windows-x86_64 | 1.0.4 | 15.00 | 104.00 | 119.00 | OK | |
r-oldrel-macos-arm64 | 1.0.4 | 92.00 | NOTE | |||
r-oldrel-windows-x86_64 | 1.0.4 | 15.00 | 106.00 | 121.00 | OK |
Version: 1.0.4
Check: dependencies in R code
Result: NOTE
Namespace in Imports field not imported from: ‘knitr’
All declared Imports should be used.
Flavors: r-devel-linux-x86_64-fedora-clang, r-devel-linux-x86_64-fedora-gcc, r-oldrel-macos-arm64