Last updated on 2024-03-12 07:49:47 CET.
Flavor | Version | Tinstall | Tcheck | Ttotal | Status | Flags |
---|---|---|---|---|---|---|
r-devel-linux-x86_64-debian-clang | 0.2.0 | 16.58 | 121.08 | 137.66 | NOTE | |
r-devel-linux-x86_64-debian-gcc | 0.2.0 | 12.84 | 94.30 | 107.14 | NOTE | |
r-devel-linux-x86_64-fedora-clang | 0.2.0 | 174.50 | NOTE | |||
r-devel-linux-x86_64-fedora-gcc | 0.2.0 | 166.45 | NOTE | |||
r-devel-windows-x86_64 | 0.2.0 | 13.00 | 102.00 | 115.00 | NOTE | |
r-patched-linux-x86_64 | 0.2.0 | 12.19 | 120.16 | 132.35 | NOTE | |
r-release-linux-x86_64 | 0.2.0 | 9.80 | 123.55 | 133.35 | NOTE | |
r-release-macos-arm64 | 0.2.0 | 50.00 | NOTE | |||
r-release-macos-x86_64 | 0.2.0 | 89.00 | NOTE | |||
r-release-windows-x86_64 | 0.2.0 | 18.00 | 118.00 | 136.00 | NOTE | |
r-oldrel-macos-arm64 | 0.2.0 | 50.00 | NOTE | |||
r-oldrel-windows-x86_64 | 0.2.0 | 18.00 | 125.00 | 143.00 | NOTE |
Version: 0.2.0
Check: LazyData
Result: NOTE
'LazyData' is specified without a 'data' directory
Flavors: r-devel-linux-x86_64-debian-clang, r-devel-linux-x86_64-debian-gcc, r-devel-linux-x86_64-fedora-clang, r-devel-linux-x86_64-fedora-gcc, r-devel-windows-x86_64, r-patched-linux-x86_64, r-release-linux-x86_64, r-release-macos-arm64, r-release-macos-x86_64, r-release-windows-x86_64, r-oldrel-macos-arm64, r-oldrel-windows-x86_64