Last updated on 2024-04-20 08:50:44 CEST.
Flavor | Version | Tinstall | Tcheck | Ttotal | Status | Flags |
---|---|---|---|---|---|---|
r-devel-linux-x86_64-debian-clang | 1.13 | 7.72 | 59.00 | 66.72 | NOTE | |
r-devel-linux-x86_64-debian-gcc | 1.13 | 4.92 | 43.61 | 48.53 | NOTE | |
r-devel-linux-x86_64-fedora-clang | 1.13 | 83.44 | NOTE | |||
r-devel-linux-x86_64-fedora-gcc | 1.13 | 83.85 | NOTE | |||
r-prerel-macos-arm64 | 1.13 | 34.00 | NOTE | |||
r-prerel-windows-x86_64 | 1.13 | 9.00 | 89.00 | 98.00 | NOTE | |
r-patched-linux-x86_64 | 1.13 | 9.71 | 56.20 | 65.91 | NOTE | |
r-release-linux-x86_64 | 1.13 | 7.32 | 55.85 | 63.17 | OK | |
r-release-macos-arm64 | 1.13 | 38.00 | OK | |||
r-release-macos-x86_64 | 1.13 | 49.00 | OK | |||
r-release-windows-x86_64 | 1.13 | 11.00 | 95.00 | 106.00 | OK | |
r-oldrel-macos-arm64 | 1.13 | 35.00 | OK | |||
r-oldrel-windows-x86_64 | 1.13 | 11.00 | 78.00 | 89.00 | OK |
Version: 1.13
Check: Rd files
Result: NOTE
checkRd: (-1) getOperatingSystem.Rd:26: Lost braces in \itemize; meant \describe ?
checkRd: (-1) getOperatingSystem.Rd:27: Lost braces in \itemize; meant \describe ?
checkRd: (-1) getOperatingSystem.Rd:28: Lost braces in \itemize; meant \describe ?
checkRd: (-1) getOperatingSystem.Rd:29: Lost braces in \itemize; meant \describe ?
checkRd: (-1) getOperatingSystem.Rd:30: Lost braces in \itemize; meant \describe ?
Flavors: r-devel-linux-x86_64-debian-clang, r-devel-linux-x86_64-debian-gcc, r-devel-linux-x86_64-fedora-clang, r-devel-linux-x86_64-fedora-gcc, r-prerel-macos-arm64, r-prerel-windows-x86_64, r-patched-linux-x86_64