Last updated on 2023-02-04 08:01:06 CET.
Flavor | Version | Tinstall | Tcheck | Ttotal | Status | Flags |
---|---|---|---|---|---|---|
r-devel-linux-x86_64-debian-clang | 2.4.2 | 21.30 | 290.32 | 311.62 | NOTE | |
r-devel-linux-x86_64-debian-gcc | 2.4.2 | 15.41 | 209.89 | 225.30 | NOTE | |
r-devel-linux-x86_64-fedora-clang | 2.4.2 | 366.77 | OK | |||
r-devel-linux-x86_64-fedora-gcc | 2.4.2 | 411.31 | OK | |||
r-devel-windows-x86_64 | 2.4.2 | 103.00 | 331.00 | 434.00 | NOTE | |
r-patched-linux-x86_64 | 2.4.2 | 20.73 | 269.68 | 290.41 | NOTE | |
r-release-linux-x86_64 | 2.4.2 | 21.02 | 273.43 | 294.45 | NOTE | |
r-release-macos-arm64 | 2.4.2 | 91.00 | NOTE | |||
r-release-macos-x86_64 | 2.4.2 | 146.00 | NOTE | |||
r-release-windows-x86_64 | 2.4.2 | 89.00 | 314.00 | 403.00 | NOTE | |
r-oldrel-macos-arm64 | 2.4.2 | 85.00 | NOTE | |||
r-oldrel-macos-x86_64 | 2.4.2 | 147.00 | NOTE | |||
r-oldrel-windows-ix86+x86_64 | 2.4.2 | 40.00 | 335.00 | 375.00 | OK |
Version: 2.4.2
Check: package dependencies
Result: NOTE
Package suggested but not available for checking: ‘INLA’
Flavors: r-devel-linux-x86_64-debian-clang, r-devel-linux-x86_64-debian-gcc, r-devel-windows-x86_64, r-patched-linux-x86_64, r-release-linux-x86_64, r-release-macos-arm64, r-release-macos-x86_64, r-release-windows-x86_64, r-oldrel-macos-arm64, r-oldrel-macos-x86_64