Last updated on 2025-01-26 08:48:19 CET.
Flavor | Version | Tinstall | Tcheck | Ttotal | Status | Flags |
---|---|---|---|---|---|---|
r-devel-linux-x86_64-debian-clang | 0.5 | 27.39 | 37.83 | 65.22 | OK | |
r-devel-linux-x86_64-debian-gcc | 0.5 | 18.53 | 28.91 | 47.44 | OK | |
r-devel-linux-x86_64-fedora-clang | 0.5 | 114.18 | OK | |||
r-devel-linux-x86_64-fedora-gcc | 0.5 | 162.11 | OK | |||
r-devel-windows-x86_64 | 0.5 | 30.00 | 74.00 | 104.00 | OK | |
r-patched-linux-x86_64 | 0.5 | 27.69 | 35.07 | 62.76 | NOTE | |
r-release-linux-x86_64 | 0.5 | 24.92 | 34.97 | 59.89 | NOTE | |
r-release-macos-arm64 | 0.5 | 52.00 | NOTE | |||
r-release-macos-x86_64 | 0.5 | 86.00 | NOTE | |||
r-release-windows-x86_64 | 0.5 | 30.00 | 78.00 | 108.00 | NOTE | |
r-oldrel-macos-arm64 | 0.5 | 58.00 | NOTE | |||
r-oldrel-macos-x86_64 | 0.5 | 83.00 | NOTE | |||
r-oldrel-windows-x86_64 | 0.5 | 32.00 | 81.00 | 113.00 | NOTE |
Version: 0.5
Check: LazyData
Result: NOTE
'LazyData' is specified without a 'data' directory
Flavors: r-patched-linux-x86_64, r-release-linux-x86_64, r-release-macos-arm64, r-release-macos-x86_64, r-release-windows-x86_64, r-oldrel-macos-arm64, r-oldrel-macos-x86_64, r-oldrel-windows-x86_64