Last updated on 2024-03-12 07:49:48 CET.
Flavor | Version | Tinstall | Tcheck | Ttotal | Status | Flags |
---|---|---|---|---|---|---|
r-devel-linux-x86_64-debian-clang | 0.5 | 40.12 | 45.55 | 85.67 | NOTE | |
r-devel-linux-x86_64-debian-gcc | 0.5 | 33.69 | 35.81 | 69.50 | NOTE | |
r-devel-linux-x86_64-fedora-clang | 0.5 | 121.24 | NOTE | |||
r-devel-linux-x86_64-fedora-gcc | 0.5 | 165.46 | NOTE | |||
r-devel-windows-x86_64 | 0.5 | 33.00 | 75.00 | 108.00 | NOTE | |
r-patched-linux-x86_64 | 0.5 | 44.53 | 43.61 | 88.14 | NOTE | |
r-release-linux-x86_64 | 0.5 | 40.45 | 44.35 | 84.80 | NOTE | |
r-release-macos-arm64 | 0.5 | 58.00 | NOTE | |||
r-release-macos-x86_64 | 0.5 | 83.00 | NOTE | |||
r-release-windows-x86_64 | 0.5 | 41.00 | 81.00 | 122.00 | NOTE | |
r-oldrel-macos-arm64 | 0.5 | 49.00 | NOTE | |||
r-oldrel-windows-x86_64 | 0.5 | 40.00 | 84.00 | 124.00 | NOTE |
Version: 0.5
Check: LazyData
Result: NOTE
'LazyData' is specified without a 'data' directory
Flavors: r-devel-linux-x86_64-debian-clang, r-devel-linux-x86_64-debian-gcc, r-devel-linux-x86_64-fedora-clang, r-devel-linux-x86_64-fedora-gcc, r-devel-windows-x86_64, r-patched-linux-x86_64, r-release-linux-x86_64, r-release-macos-arm64, r-release-macos-x86_64, r-release-windows-x86_64, r-oldrel-macos-arm64, r-oldrel-windows-x86_64