Last updated on 2024-04-26 08:54:49 CEST.
Flavor | Version | Tinstall | Tcheck | Ttotal | Status | Flags |
---|---|---|---|---|---|---|
r-devel-linux-x86_64-debian-clang | 0.5.2 | 2.00 | 94.02 | 96.02 | OK | |
r-devel-linux-x86_64-debian-gcc | 0.5.2 | 2.13 | 63.39 | 65.52 | OK | |
r-devel-linux-x86_64-fedora-clang | 0.5.2 | 115.84 | NOTE | |||
r-devel-linux-x86_64-fedora-gcc | 0.5.2 | 128.68 | NOTE | |||
r-devel-windows-x86_64 | 0.5.2 | 4.00 | 74.00 | 78.00 | OK | |
r-patched-linux-x86_64 | 0.5.2 | 2.14 | 88.60 | 90.74 | OK | |
r-release-linux-x86_64 | 0.5.2 | 3.17 | 83.82 | 86.99 | OK | |
r-release-macos-arm64 | 0.5.2 | 34.00 | OK | |||
r-release-windows-x86_64 | 0.5.2 | 4.00 | 75.00 | 79.00 | OK | |
r-oldrel-macos-arm64 | 0.5.2 | 42.00 | OK | |||
r-oldrel-macos-x86_64 | 0.5.2 | 59.00 | OK | |||
r-oldrel-windows-x86_64 | 0.5.2 | 4.00 | 88.00 | 92.00 | OK |
Version: 0.5.2
Check: dependencies in R code
Result: NOTE
Namespace in Imports field not imported from: ‘compiler’
All declared Imports should be used.
Flavors: r-devel-linux-x86_64-fedora-clang, r-devel-linux-x86_64-fedora-gcc