Last updated on 2024-04-24 07:57:34 CEST.
Flavor | Version | Tinstall | Tcheck | Ttotal | Status | Flags |
---|---|---|---|---|---|---|
r-devel-linux-x86_64-debian-clang | 1.84.0-0 | 33.53 | 45.33 | 78.86 | OK | |
r-devel-linux-x86_64-debian-gcc | 1.84.0-0 | 19.42 | 35.54 | 54.96 | OK | |
r-devel-linux-x86_64-fedora-clang | 1.84.0-0 | 68.00 | NOTE | |||
r-devel-linux-x86_64-fedora-gcc | 1.84.0-0 | 68.83 | OK | |||
r-prerel-macos-arm64 | 1.84.0-0 | 60.00 | NOTE | |||
r-prerel-windows-x86_64 | 1.84.0-0 | 71.00 | 55.00 | 126.00 | NOTE | |
r-patched-linux-x86_64 | 1.84.0-0 | 28.19 | 44.00 | 72.19 | OK | |
r-release-linux-x86_64 | 1.84.0-0 | 29.65 | 44.12 | 73.77 | OK | |
r-release-macos-arm64 | 1.84.0-0 | 69.00 | NOTE | |||
r-release-macos-x86_64 | 1.84.0-0 | 166.00 | NOTE | |||
r-release-windows-x86_64 | 1.84.0-0 | 82.00 | 60.00 | 142.00 | NOTE | |
r-oldrel-macos-arm64 | 1.84.0-0 | 70.00 | NOTE | |||
r-oldrel-windows-x86_64 | 1.84.0-0 | 78.00 | 64.00 | 142.00 | NOTE |
Version: 1.84.0-0
Check: installed package size
Result: NOTE
installed size is 153.3Mb
sub-directories of 1Mb or more:
include 153.2Mb
Flavors: r-devel-linux-x86_64-fedora-clang, r-prerel-macos-arm64, r-prerel-windows-x86_64, r-release-macos-arm64, r-release-macos-x86_64, r-release-windows-x86_64, r-oldrel-macos-arm64, r-oldrel-windows-x86_64