Last updated on 2021-04-19 09:50:37 CEST.
Flavor | Version | Tinstall | Tcheck | Ttotal | Status | Flags |
---|---|---|---|---|---|---|
r-devel-linux-x86_64-debian-clang | 0.1.27.1 | 20.95 | 442.69 | 463.64 | OK | |
r-devel-linux-x86_64-debian-gcc | 0.1.27.1 | 17.89 | 324.90 | 342.79 | OK | |
r-devel-linux-x86_64-fedora-clang | 0.1.27.1 | 535.46 | NOTE | |||
r-devel-linux-x86_64-fedora-gcc | 0.1.27.1 | 540.89 | NOTE | |||
r-devel-windows-ix86+x86_64 | 0.1.27.1 | 35.00 | 393.00 | 428.00 | OK | |
r-devel-windows-x86_64-gcc10-UCRT | 0.1.27.1 | NOTE | ||||
r-patched-linux-x86_64 | 0.1.27.1 | 19.49 | 423.32 | 442.81 | OK | |
r-patched-solaris-x86 | 0.1.27.1 | 703.40 | NOTE | |||
r-release-linux-x86_64 | 0.1.27.1 | 19.84 | 424.68 | 444.52 | OK | |
r-release-macos-x86_64 | 0.1.27.1 | NOTE | ||||
r-release-windows-ix86+x86_64 | 0.1.27.1 | 55.00 | 535.00 | 590.00 | OK | |
r-oldrel-macos-x86_64 | 0.1.27.1 | NOTE | ||||
r-oldrel-windows-ix86+x86_64 | 0.1.27.1 | 28.00 | 390.00 | 418.00 | OK |
Version: 0.1.27.1
Check: dependencies in R code
Result: NOTE
Namespace in Imports field not imported from: ‘rgdal’
All declared Imports should be used.
Flavors: r-devel-linux-x86_64-fedora-clang, r-devel-linux-x86_64-fedora-gcc, r-devel-windows-x86_64-gcc10-UCRT, r-patched-solaris-x86, r-release-macos-x86_64, r-oldrel-macos-x86_64
Version: 0.1.27.1
Check: data for non-ASCII characters
Result: NOTE
Note: found 27976 marked UTF-8 strings
Flavors: r-devel-linux-x86_64-fedora-clang, r-devel-linux-x86_64-fedora-gcc, r-devel-windows-x86_64-gcc10-UCRT, r-patched-solaris-x86, r-release-macos-x86_64, r-oldrel-macos-x86_64