Last updated on 2024-03-12 07:49:48 CET.
Flavor | Version | Tinstall | Tcheck | Ttotal | Status | Flags |
---|---|---|---|---|---|---|
r-devel-linux-x86_64-debian-clang | 0.1.1 | 9.14 | 79.77 | 88.91 | NOTE | |
r-devel-linux-x86_64-debian-gcc | 0.1.1 | 7.46 | 60.40 | 67.86 | NOTE | |
r-devel-linux-x86_64-fedora-clang | 0.1.1 | 112.08 | NOTE | |||
r-devel-linux-x86_64-fedora-gcc | 0.1.1 | 107.16 | NOTE | |||
r-devel-windows-x86_64 | 0.1.1 | 10.00 | 79.00 | 89.00 | NOTE | |
r-patched-linux-x86_64 | 0.1.1 | 13.44 | 80.65 | 94.09 | OK | |
r-release-linux-x86_64 | 0.1.1 | 9.07 | 79.67 | 88.74 | OK | |
r-release-macos-arm64 | 0.1.1 | 32.00 | OK | |||
r-release-macos-x86_64 | 0.1.1 | 52.00 | OK | |||
r-release-windows-x86_64 | 0.1.1 | 13.00 | 91.00 | 104.00 | OK | |
r-oldrel-macos-arm64 | 0.1.1 | 29.00 | OK | |||
r-oldrel-windows-x86_64 | 0.1.1 | 13.00 | 93.00 | 106.00 | OK |
Version: 0.1.1
Check: Rd files
Result: NOTE
checkRd: (-1) autoplot.tsregime.Rd:20: Lost braces
20 | Graph for the stochastic processes of the object \ dQuote {\ code {tsregime}} for: Output process and if they exist for: Threshold process and Covariates process. In the case that there are missing data, a red line is drawn at the indicated time.
| ^
checkRd: (-1) autoplot.tsregime.Rd:20: Lost braces; missing escapes or markup?
20 | Graph for the stochastic processes of the object \ dQuote {\ code {tsregime}} for: Output process and if they exist for: Threshold process and Covariates process. In the case that there are missing data, a red line is drawn at the indicated time.
| ^
Flavors: r-devel-linux-x86_64-debian-clang, r-devel-linux-x86_64-debian-gcc, r-devel-linux-x86_64-fedora-clang, r-devel-linux-x86_64-fedora-gcc, r-devel-windows-x86_64