Last updated on 2023-02-02 07:52:48 CET.
Flavor | Version | Tinstall | Tcheck | Ttotal | Status | Flags |
---|---|---|---|---|---|---|
r-devel-linux-x86_64-debian-clang | 3.2.5 | 56.18 | 140.21 | 196.39 | OK | |
r-devel-linux-x86_64-debian-gcc | 3.2.5 | 43.29 | 103.13 | 146.42 | OK | |
r-devel-linux-x86_64-fedora-clang | 3.2.5 | 263.37 | OK | |||
r-devel-linux-x86_64-fedora-gcc | 3.2.5 | 236.03 | OK | |||
r-devel-windows-x86_64 | 3.2.5 | 80.00 | 200.00 | 280.00 | NOTE | |
r-patched-linux-x86_64 | 3.2.5 | 48.76 | 129.92 | 178.68 | OK | |
r-release-linux-x86_64 | 3.2.5 | 45.79 | 131.75 | 177.54 | OK | |
r-release-macos-arm64 | 3.2.5 | 66.00 | OK | |||
r-release-macos-x86_64 | 3.2.5 | 92.00 | OK | |||
r-release-windows-x86_64 | 3.2.5 | 74.00 | 191.00 | 265.00 | OK | |
r-oldrel-macos-arm64 | 3.2.5 | 67.00 | OK | |||
r-oldrel-macos-x86_64 | 3.2.5 | 97.00 | OK | |||
r-oldrel-windows-ix86+x86_64 | 3.2.5 | 134.00 | 209.00 | 343.00 | OK |
Version: 3.2.5
Check: C++ specification
Result: NOTE
Specified C++11: please update to current default of C++17
Flavor: r-devel-windows-x86_64