CRAN Package Check Results for Package BTM

Last updated on 2021-06-21 08:49:43 CEST.

Flavor Version Tinstall Tcheck Ttotal Status Flags
r-devel-linux-x86_64-debian-clang 0.3.5 38.64 43.49 82.13 NOTE
r-devel-linux-x86_64-debian-gcc 0.3.5 26.13 35.17 61.30 NOTE
r-devel-linux-x86_64-fedora-clang 0.3.5 119.66 NOTE
r-devel-linux-x86_64-fedora-gcc 0.3.5 100.01 NOTE
r-devel-windows-x86_64 0.3.5 49.00 64.00 113.00 NOTE
r-devel-windows-x86_64-gcc10-UCRT 0.3.5 NOTE
r-patched-linux-x86_64 0.3.5 32.43 43.31 75.74 NOTE
r-patched-solaris-x86 0.3.5 112.70 NOTE
r-release-linux-x86_64 0.3.5 30.68 42.21 72.89 NOTE
r-release-macos-arm64 0.3.5 NOTE
r-release-macos-x86_64 0.3.5 NOTE
r-release-windows-ix86+x86_64 0.3.5 91.00 88.00 179.00 NOTE
r-oldrel-macos-x86_64 0.3.5 OK

Check Details

Version: 0.3.5
Check: LazyData
Result: NOTE
     'LazyData' is specified without a 'data' directory
Flavors: r-devel-linux-x86_64-debian-clang, r-devel-linux-x86_64-debian-gcc, r-devel-linux-x86_64-fedora-clang, r-devel-linux-x86_64-fedora-gcc, r-devel-windows-x86_64, r-devel-windows-x86_64-gcc10-UCRT, r-patched-linux-x86_64, r-patched-solaris-x86, r-release-linux-x86_64, r-release-macos-arm64, r-release-macos-x86_64, r-release-windows-ix86+x86_64