Last updated on 2024-03-12 07:49:49 CET.
Flavor | Version | Tinstall | Tcheck | Ttotal | Status | Flags |
---|---|---|---|---|---|---|
r-devel-linux-x86_64-debian-clang | 2021.11.2 | 14.68 | 107.28 | 121.96 | OK | |
r-devel-linux-x86_64-debian-gcc | 2021.11.2 | 10.26 | 82.05 | 92.31 | OK | |
r-devel-linux-x86_64-fedora-clang | 2021.11.2 | 145.55 | ERROR | |||
r-devel-linux-x86_64-fedora-gcc | 2021.11.2 | 160.67 | ERROR | |||
r-devel-windows-x86_64 | 2021.11.2 | 12.00 | 95.00 | 107.00 | NOTE | |
r-patched-linux-x86_64 | 2021.11.2 | 8.25 | 105.50 | 113.75 | OK | |
r-release-linux-x86_64 | 2021.11.2 | 9.98 | 104.53 | 114.51 | OK | |
r-release-macos-arm64 | 2021.11.2 | 50.00 | NOTE | |||
r-release-macos-x86_64 | 2021.11.2 | 80.00 | NOTE | |||
r-release-windows-x86_64 | 2021.11.2 | 16.00 | 109.00 | 125.00 | NOTE | |
r-oldrel-macos-arm64 | 2021.11.2 | 49.00 | NOTE | |||
r-oldrel-windows-x86_64 | 2021.11.2 | 17.00 | 113.00 | 130.00 | NOTE |
Version: 2021.11.2
Check: installed package size
Result: NOTE
installed size is 5.3Mb
sub-directories of 1Mb or more:
doc 4.9Mb
Flavors: r-devel-linux-x86_64-fedora-clang, r-devel-windows-x86_64, r-release-macos-arm64, r-release-macos-x86_64, r-release-windows-x86_64, r-oldrel-macos-arm64, r-oldrel-windows-x86_64
Version: 2021.11.2
Check: for unstated dependencies in examples
Result: ERROR
Warning: parse error in file 'BTSPAS-Ex.R':
159:2: syntax error
158: ## End(Not run)
159: % end of dontrun
^
** will not attempt to run examples
Flavors: r-devel-linux-x86_64-fedora-clang, r-devel-linux-x86_64-fedora-gcc