CRAN Package Check Results for Package BacArena

Last updated on 2021-04-23 08:47:15 CEST.

Flavor Version Tinstall Tcheck Ttotal Status Flags
r-devel-linux-x86_64-debian-clang 1.8.2 102.12 356.20 458.32 OK
r-devel-linux-x86_64-debian-gcc 1.8.2 69.70 265.08 334.78 OK
r-devel-linux-x86_64-fedora-clang 1.8.2 557.60 NOTE
r-devel-linux-x86_64-fedora-gcc 1.8.2 540.22 NOTE
r-devel-windows-ix86+x86_64 1.8.2 210.00 589.00 799.00 NOTE
r-devel-windows-x86_64-gcc10-UCRT 1.8.2 NOTE
r-patched-linux-x86_64 1.8.2 84.88 333.04 417.92 OK
r-patched-solaris-x86 1.8.2 698.20 NOTE
r-release-linux-x86_64 1.8.2 78.97 341.91 420.88 OK
r-release-macos-x86_64 1.8.2 NOTE
r-release-windows-ix86+x86_64 1.8.2 212.00 519.00 731.00 NOTE
r-oldrel-macos-x86_64 1.8.2 NOTE
r-oldrel-windows-ix86+x86_64 1.8.2 179.00 570.00 749.00 NOTE

Check Details

Version: 1.8.2
Check: installed package size
Result: NOTE
     installed size is 8.2Mb
     sub-directories of 1Mb or more:
     R 1.2Mb
     data 3.3Mb
     libs 3.0Mb
Flavors: r-devel-linux-x86_64-fedora-clang, r-devel-windows-ix86+x86_64, r-patched-solaris-x86, r-release-macos-x86_64, r-release-windows-ix86+x86_64, r-oldrel-macos-x86_64, r-oldrel-windows-ix86+x86_64

Version: 1.8.2
Check: dependencies in R code
Result: NOTE
    Namespace in Imports field not imported from: ‘glpkAPI’
     All declared Imports should be used.
Flavors: r-devel-linux-x86_64-fedora-clang, r-devel-linux-x86_64-fedora-gcc, r-devel-windows-x86_64-gcc10-UCRT, r-patched-solaris-x86, r-release-macos-x86_64, r-oldrel-macos-x86_64