Last updated on 2025-01-25 07:50:20 CET.
Flavor | Version | Tinstall | Tcheck | Ttotal | Status | Flags |
---|---|---|---|---|---|---|
r-devel-linux-x86_64-debian-clang | 5.2 | 5.11 | 375.42 | 380.53 | NOTE | |
r-devel-linux-x86_64-debian-gcc | 5.2 | 5.24 | 204.23 | 209.47 | NOTE | |
r-devel-linux-x86_64-fedora-clang | 5.2 | 662.88 | NOTE | |||
r-devel-linux-x86_64-fedora-gcc | 5.2 | 744.12 | NOTE | |||
r-devel-windows-x86_64 | 5.2 | 8.00 | 371.00 | 379.00 | NOTE | |
r-patched-linux-x86_64 | 5.2 | 6.78 | 347.82 | 354.60 | NOTE | |
r-release-linux-x86_64 | 5.2 | 6.89 | 348.60 | 355.49 | NOTE | |
r-release-macos-arm64 | 5.2 | 284.00 | NOTE | |||
r-release-macos-x86_64 | 5.2 | 414.00 | NOTE | |||
r-release-windows-x86_64 | 5.2 | 8.00 | 368.00 | 376.00 | NOTE | |
r-oldrel-macos-arm64 | 5.2 | 260.00 | OK | |||
r-oldrel-macos-x86_64 | 5.2 | 381.00 | OK | |||
r-oldrel-windows-x86_64 | 5.2 | 8.00 | 451.00 | 459.00 | OK |
Version: 5.2
Check: Rd files
Result: NOTE
checkRd: (-1) gMLE.bb.Rd:18: Lost braces
18 | \item{optim.method}{optimization method in \code{optim()}{stats}.}
| ^
Flavors: r-devel-linux-x86_64-debian-clang, r-devel-linux-x86_64-debian-gcc, r-devel-linux-x86_64-fedora-clang, r-devel-linux-x86_64-fedora-gcc, r-devel-windows-x86_64, r-patched-linux-x86_64, r-release-linux-x86_64, r-release-macos-arm64, r-release-macos-x86_64, r-release-windows-x86_64