Last updated on 2024-04-20 08:50:44 CEST.
Flavor | Version | Tinstall | Tcheck | Ttotal | Status | Flags |
---|---|---|---|---|---|---|
r-devel-linux-x86_64-debian-clang | 0.3.2 | 6.38 | 245.71 | 252.09 | OK | |
r-devel-linux-x86_64-debian-gcc | 0.3.2 | 4.85 | 178.75 | 183.60 | OK | |
r-devel-linux-x86_64-fedora-clang | 0.3.2 | 320.66 | NOTE | |||
r-devel-linux-x86_64-fedora-gcc | 0.3.2 | 297.20 | NOTE | |||
r-prerel-macos-arm64 | 0.3.2 | 92.00 | OK | |||
r-prerel-windows-x86_64 | 0.3.2 | 8.00 | 224.00 | 232.00 | OK | |
r-patched-linux-x86_64 | 0.3.2 | 7.93 | 233.28 | 241.21 | OK | |
r-release-linux-x86_64 | 0.3.2 | 6.95 | 234.10 | 241.05 | OK | |
r-release-macos-arm64 | 0.3.2 | 100.00 | OK | |||
r-release-macos-x86_64 | 0.3.2 | 160.00 | OK | |||
r-release-windows-x86_64 | 0.3.2 | 9.00 | 261.00 | 270.00 | OK | |
r-oldrel-macos-arm64 | 0.3.2 | 104.00 | NOTE | |||
r-oldrel-windows-x86_64 | 0.3.2 | 10.00 | 260.00 | 270.00 | OK |
Version: 0.3.2
Check: dependencies in R code
Result: NOTE
Namespaces in Imports field not imported from:
‘HDInterval’ ‘MCMCpack’ ‘R2WinBUGS’ ‘R2jags’ ‘carData’ ‘rjags’
All declared Imports should be used.
Flavors: r-devel-linux-x86_64-fedora-clang, r-devel-linux-x86_64-fedora-gcc, r-oldrel-macos-arm64