Last updated on 2024-04-19 08:54:33 CEST.
Flavor | Version | Tinstall | Tcheck | Ttotal | Status | Flags |
---|---|---|---|---|---|---|
r-devel-linux-x86_64-debian-clang | 2.2 | 143.68 | 186.73 | 330.41 | NOTE | |
r-devel-linux-x86_64-debian-gcc | 2.2 | NOTE | ||||
r-devel-linux-x86_64-fedora-clang | 2.2 | 445.51 | NOTE | |||
r-devel-linux-x86_64-fedora-gcc | 2.2 | 441.74 | NOTE | |||
r-prerel-macos-arm64 | 2.2 | 114.00 | NOTE | |||
r-prerel-windows-x86_64 | 2.2 | 108.00 | 185.00 | 293.00 | NOTE | |
r-patched-linux-x86_64 | 2.2 | 138.70 | 166.01 | 304.71 | NOTE | |
r-release-linux-x86_64 | 2.2 | 148.01 | 161.93 | 309.94 | NOTE | |
r-release-macos-arm64 | 2.2 | 151.00 | NOTE | |||
r-release-macos-x86_64 | 2.2 | 235.00 | NOTE | |||
r-release-windows-x86_64 | 2.2 | 139.00 | 213.00 | 352.00 | NOTE | |
r-oldrel-macos-arm64 | 2.2 | 147.00 | NOTE | |||
r-oldrel-windows-x86_64 | 2.2 | 130.00 | 213.00 | 343.00 | OK |
Version: 2.2
Check: C++ specification
Result: NOTE
Specified C++11: please drop specification unless essential
Flavors: r-devel-linux-x86_64-debian-clang, r-devel-linux-x86_64-debian-gcc, r-devel-linux-x86_64-fedora-clang, r-devel-linux-x86_64-fedora-gcc, r-prerel-macos-arm64, r-prerel-windows-x86_64, r-patched-linux-x86_64, r-release-linux-x86_64, r-release-macos-arm64, r-release-macos-x86_64, r-release-windows-x86_64
Version: 2.2
Check: installed package size
Result: NOTE
installed size is 8.1Mb
sub-directories of 1Mb or more:
libs 7.5Mb
Flavors: r-prerel-macos-arm64, r-release-macos-arm64, r-release-macos-x86_64, r-oldrel-macos-arm64