Last updated on 2023-02-05 07:57:14 CET.
Flavor | Version | Tinstall | Tcheck | Ttotal | Status | Flags |
---|---|---|---|---|---|---|
r-devel-linux-x86_64-debian-clang | 2.2 | 144.16 | 176.52 | 320.68 | NOTE | |
r-devel-linux-x86_64-debian-gcc | 2.2 | 111.45 | 129.66 | 241.11 | NOTE | |
r-devel-linux-x86_64-fedora-clang | 2.2 | 429.81 | NOTE | |||
r-devel-linux-x86_64-fedora-gcc | 2.2 | 418.49 | NOTE | |||
r-devel-windows-x86_64 | 2.2 | 119.00 | 246.00 | 365.00 | NOTE | |
r-patched-linux-x86_64 | 2.2 | 113.37 | 168.07 | 281.44 | OK | |
r-release-linux-x86_64 | 2.2 | 130.87 | 168.32 | 299.19 | OK | |
r-release-macos-arm64 | 2.2 | 132.00 | NOTE | |||
r-release-macos-x86_64 | 2.2 | 164.00 | NOTE | |||
r-release-windows-x86_64 | 2.2 | 109.00 | 253.00 | 362.00 | OK | |
r-oldrel-macos-arm64 | 2.2 | 129.00 | NOTE | |||
r-oldrel-macos-x86_64 | 2.2 | 148.00 | NOTE | |||
r-oldrel-windows-ix86+x86_64 | 2.2 | 324.00 | 327.00 | 651.00 | OK |
Version: 2.2
Check: C++ specification
Result: NOTE
Specified C++11: please update to current default of C++17
Flavors: r-devel-linux-x86_64-debian-clang, r-devel-linux-x86_64-debian-gcc, r-devel-linux-x86_64-fedora-clang, r-devel-linux-x86_64-fedora-gcc, r-devel-windows-x86_64
Version: 2.2
Check: installed package size
Result: NOTE
installed size is 8.3Mb
sub-directories of 1Mb or more:
libs 7.7Mb
Flavors: r-release-macos-arm64, r-release-macos-x86_64, r-oldrel-macos-arm64, r-oldrel-macos-x86_64