Last updated on 2024-05-12 08:55:32 CEST.
Flavor | Version | Tinstall | Tcheck | Ttotal | Status | Flags |
---|---|---|---|---|---|---|
r-devel-linux-x86_64-debian-clang | 1.0.1 | 3.53 | 458.37 | 461.90 | OK | |
r-devel-linux-x86_64-debian-gcc | 1.0.1 | 2.41 | 338.28 | 340.69 | OK | |
r-devel-linux-x86_64-fedora-clang | 1.0.1 | 560.34 | OK | |||
r-devel-linux-x86_64-fedora-gcc | 1.0.1 | 556.85 | OK | |||
r-devel-windows-x86_64 | 1.0.1 | 4.00 | 333.00 | 337.00 | OK | |
r-patched-linux-x86_64 | 1.0.1 | 2.29 | 468.73 | 471.02 | OK | |
r-release-linux-x86_64 | 1.0.1 | 0.31 | 2.29 | 2.60 | ERROR | |
r-release-macos-arm64 | 1.0.1 | 167.00 | OK | |||
r-release-macos-x86_64 | 1.0.1 | 458.00 | OK | |||
r-release-windows-x86_64 | 1.0.1 | 4.00 | 330.00 | 334.00 | OK | |
r-oldrel-macos-arm64 | 1.0.1 | 161.00 | OK | |||
r-oldrel-macos-x86_64 | 1.0.1 | 453.00 | OK | |||
r-oldrel-windows-x86_64 | 1.0.1 | 5.00 | 422.00 | 427.00 | OK |
Version: 1.0.1
Check: package dependencies
Result: ERROR
Package required but not available: ‘RBesT’
See section ‘The DESCRIPTION file’ in the ‘Writing R Extensions’
manual.
Flavor: r-release-linux-x86_64