CRAN Package Check Results for Package BcDiag

Last updated on 2021-07-29 09:53:13 CEST.

Flavor Version Tinstall Tcheck Ttotal Status Flags
r-devel-linux-x86_64-debian-clang 1.0.10 NOTE
r-devel-linux-x86_64-debian-gcc 1.0.10 4.57 49.45 54.02 NOTE
r-devel-linux-x86_64-fedora-clang 1.0.10 89.01 NOTE
r-devel-linux-x86_64-fedora-gcc 1.0.10 80.07 NOTE
r-devel-windows-x86_64 1.0.10 6.00 79.00 85.00 OK
r-devel-windows-x86_64-gcc10-UCRT 1.0.10 OK
r-patched-linux-x86_64 1.0.10 4.89 61.96 66.85 NOTE
r-patched-solaris-x86 1.0.10 138.10 NOTE
r-release-linux-x86_64 1.0.10 5.23 61.20 66.43 NOTE
r-release-macos-arm64 1.0.10 ERROR
r-release-macos-x86_64 1.0.10 OK
r-release-windows-ix86+x86_64 1.0.10 14.00 67.00 81.00 OK
r-oldrel-macos-x86_64 1.0.10 OK
r-oldrel-windows-ix86+x86_64 1.0.10 10.00 89.00 99.00 OK

Check Details

Version: 1.0.10
Check: for non-standard things in the check directory
Result: NOTE
    Found the following files/directories:
     'fabiabreast.txt'
Flavors: r-devel-linux-x86_64-debian-clang, r-devel-linux-x86_64-debian-gcc, r-devel-linux-x86_64-fedora-clang, r-devel-linux-x86_64-fedora-gcc, r-patched-linux-x86_64, r-patched-solaris-x86, r-release-linux-x86_64

Version: 1.0.10
Check: package dependencies
Result: ERROR
    Package required but not available: ‘fabia’
    
    See section ‘The DESCRIPTION file’ in the ‘Writing R Extensions’
    manual.
Flavor: r-release-macos-arm64