CRAN Package Check Results for Package BiasedUrn

Last updated on 2021-05-11 08:48:06 CEST.

Flavor Version Tinstall Tcheck Ttotal Status Flags
r-devel-linux-x86_64-debian-clang 1.07 8.23 26.60 34.83 OK
r-devel-linux-x86_64-debian-gcc 1.07 6.03 21.48 27.51 OK
r-devel-linux-x86_64-fedora-clang 1.07 55.72 NOTE
r-devel-linux-x86_64-fedora-gcc 1.07 43.76 NOTE
r-devel-windows-ix86+x86_64 1.07 20.00 41.00 61.00 OK
r-devel-windows-x86_64-gcc10-UCRT 1.07 OK
r-patched-linux-x86_64 1.07 6.62 26.19 32.81 OK
r-patched-solaris-x86 1.07 64.90 OK
r-release-linux-x86_64 1.07 6.27 26.17 32.44 OK
r-release-macos-x86_64 1.07 OK
r-release-windows-ix86+x86_64 1.07 18.00 47.00 65.00 OK
r-oldrel-macos-x86_64 1.07 OK
r-oldrel-windows-ix86+x86_64 1.07 21.00 55.00 76.00 OK

Check Details

Version: 1.07
Check: compiled code
Result: NOTE
    File ‘BiasedUrn/libs/BiasedUrn.so’:
     Found no calls to: ‘R_registerRoutines’, ‘R_useDynamicSymbols’
    
    It is good practice to register native routines and to disable symbol
    search.
    
    See ‘Writing portable packages’ in the ‘Writing R Extensions’ manual.
Flavors: r-devel-linux-x86_64-fedora-clang, r-devel-linux-x86_64-fedora-gcc