CRAN Package Check Results for Package BigVAR

Last updated on 2024-04-22 08:51:17 CEST.

Flavor Version Tinstall Tcheck Ttotal Status Flags
r-devel-linux-x86_64-debian-clang 1.1.2 104.19 372.54 476.73 NOTE
r-devel-linux-x86_64-debian-gcc 1.1.2 88.24 246.21 334.45 NOTE
r-devel-linux-x86_64-fedora-clang 1.1.2 578.84 NOTE
r-devel-linux-x86_64-fedora-gcc 1.1.2 586.65 NOTE
r-prerel-macos-arm64 1.1.2 177.00 ERROR
r-prerel-windows-x86_64 1.1.2 74.00 263.00 337.00 NOTE
r-patched-linux-x86_64 1.1.2 93.45 339.72 433.17 NOTE
r-release-linux-x86_64 1.1.2 101.33 337.50 438.83 NOTE
r-release-macos-arm64 1.1.2 211.00 NOTE
r-release-macos-x86_64 1.1.2 268.00 NOTE
r-release-windows-x86_64 1.1.2 94.00 334.00 428.00 NOTE
r-oldrel-macos-arm64 1.1.2 189.00 NOTE
r-oldrel-windows-x86_64 1.1.2 91.00 319.00 410.00 OK

Check Details

Version: 1.1.2
Check: C++ specification
Result: NOTE Specified C++11: please drop specification unless essential Flavors: r-devel-linux-x86_64-debian-clang, r-devel-linux-x86_64-debian-gcc, r-devel-linux-x86_64-fedora-clang, r-devel-linux-x86_64-fedora-gcc, r-prerel-macos-arm64, r-prerel-windows-x86_64, r-patched-linux-x86_64, r-release-linux-x86_64, r-release-macos-arm64, r-release-macos-x86_64, r-release-windows-x86_64

Version: 1.1.2
Check: Rd files
Result: NOTE checkRd: (-1) VARXFit.Rd:21: Lost braces in \itemize; \value handles \item{}{} directly checkRd: (-1) VARXFit.Rd:22: Lost braces in \itemize; \value handles \item{}{} directly checkRd: (-1) VARXFit.Rd:23: Lost braces in \itemize; \value handles \item{}{} directly checkRd: (-1) VARXFit.Rd:24: Lost braces in \itemize; \value handles \item{}{} directly checkRd: (-1) VARXFit.Rd:25: Lost braces in \itemize; \value handles \item{}{} directly checkRd: (-1) VARXFit.Rd:26: Lost braces in \itemize; \value handles \item{}{} directly checkRd: (-1) VARXLagCons.Rd:25: Lost braces in \itemize; \value handles \item{}{} directly checkRd: (-1) VARXLagCons.Rd:26: Lost braces in \itemize; \value handles \item{}{} directly Flavors: r-devel-linux-x86_64-debian-clang, r-devel-linux-x86_64-debian-gcc, r-devel-linux-x86_64-fedora-clang, r-devel-linux-x86_64-fedora-gcc, r-prerel-macos-arm64, r-prerel-windows-x86_64, r-patched-linux-x86_64

Version: 1.1.2
Check: installed package size
Result: NOTE installed size is 19.0Mb sub-directories of 1Mb or more: doc 1.1Mb libs 17.3Mb Flavors: r-prerel-macos-arm64, r-release-macos-arm64, r-release-macos-x86_64, r-oldrel-macos-arm64

Version: 1.1.2
Check: re-building of vignette outputs
Result: ERROR Error(s) in re-building vignettes: ... --- re-building ‘BigVAR.Rmd’ using rmarkdown Quitting from lines 733-784 [unnamed-chunk-26] (BigVAR.Rmd) Error: processing vignette 'BigVAR.Rmd' failed with diagnostics: Unable to import "GDP". Timeout was reached: [fred.stlouisfed.org] Resolving timed out after 10000 milliseconds --- failed re-building ‘BigVAR.Rmd’ SUMMARY: processing the following file failed: ‘BigVAR.Rmd’ Error: Vignette re-building failed. Execution halted Flavor: r-prerel-macos-arm64