Last updated on 2024-03-12 07:49:48 CET.
Flavor | Version | Tinstall | Tcheck | Ttotal | Status | Flags |
---|---|---|---|---|---|---|
r-devel-linux-x86_64-debian-clang | 0.4.5 | 7.86 | 88.86 | 96.72 | NOTE | |
r-devel-linux-x86_64-debian-gcc | 0.4.5 | 6.99 | 69.71 | 76.70 | NOTE | |
r-devel-linux-x86_64-fedora-clang | 0.4.5 | 123.71 | NOTE | |||
r-devel-linux-x86_64-fedora-gcc | 0.4.5 | 120.97 | NOTE | |||
r-devel-windows-x86_64 | 0.4.5 | 8.00 | 86.00 | 94.00 | NOTE | |
r-patched-linux-x86_64 | 0.4.5 | 12.55 | 90.17 | 102.72 | OK | |
r-release-linux-x86_64 | 0.4.5 | 10.16 | 91.06 | 101.22 | OK | |
r-release-macos-arm64 | 0.4.5 | 44.00 | OK | |||
r-release-macos-x86_64 | 0.4.5 | 67.00 | OK | |||
r-release-windows-x86_64 | 0.4.5 | 10.00 | 96.00 | 106.00 | OK | |
r-oldrel-macos-arm64 | 0.4.5 | 41.00 | OK | |||
r-oldrel-windows-x86_64 | 0.4.5 | 11.00 | 105.00 | 116.00 | OK |
Version: 0.4.5
Check: Rd files
Result: NOTE
checkRd: (-1) ROC.Rd:55: Lost braces in \enumerate; \value handles \item{}{} directly
checkRd: (-1) ROC.Rd:56: Lost braces in \enumerate; \value handles \item{}{} directly
checkRd: (-1) ROC.Rd:57: Lost braces in \enumerate; \value handles \item{}{} directly
checkRd: (-1) ROC.Rd:58: Lost braces in \enumerate; \value handles \item{}{} directly
Flavors: r-devel-linux-x86_64-debian-clang, r-devel-linux-x86_64-debian-gcc, r-devel-linux-x86_64-fedora-clang, r-devel-linux-x86_64-fedora-gcc, r-devel-windows-x86_64