CRAN Package Check Results for Package Biostatistics

Last updated on 2021-07-25 08:50:48 CEST.

Flavor Version Tinstall Tcheck Ttotal Status Flags
r-devel-linux-x86_64-debian-clang 1.0.2 1.86 19.01 20.87 OK
r-devel-linux-x86_64-debian-gcc 1.0.2 1.83 15.07 16.90 OK
r-devel-linux-x86_64-fedora-clang 1.0.2 34.78 NOTE
r-devel-linux-x86_64-fedora-gcc 1.0.2 26.80 NOTE
r-devel-windows-x86_64 1.0.2 3.00 29.00 32.00 OK
r-devel-windows-x86_64-gcc10-UCRT 1.0.2 NOTE
r-patched-linux-x86_64 1.0.2 2.43 18.35 20.78 OK
r-patched-solaris-x86 1.0.2 40.00 NOTE
r-release-linux-x86_64 1.0.2 2.27 18.44 20.71 OK
r-release-macos-arm64 1.0.1 NOTE
r-release-macos-x86_64 1.0.2 NOTE
r-release-windows-ix86+x86_64 1.0.2 6.00 37.00 43.00 OK
r-oldrel-macos-x86_64 1.0.2 NOTE
r-oldrel-windows-ix86+x86_64 1.0.2 6.00 31.00 37.00 OK

Check Details

Version: 1.0.2
Check: data for non-ASCII characters
Result: NOTE
     Note: found 46 marked UTF-8 strings
Flavors: r-devel-linux-x86_64-fedora-clang, r-devel-linux-x86_64-fedora-gcc, r-patched-solaris-x86, r-release-macos-x86_64, r-oldrel-macos-x86_64

Version: 1.0.2
Check: data for non-ASCII characters
Result: NOTE
     Note: found 46 marked Latin-1 strings
Flavor: r-devel-windows-x86_64-gcc10-UCRT

Version: 1.0.1
Check: data for non-ASCII characters
Result: NOTE
     Note: found 46 marked UTF-8 strings
Flavor: r-release-macos-arm64