Last updated on 2024-07-27 08:49:15 CEST.
Flavor | Version | Tinstall | Tcheck | Ttotal | Status | Flags |
---|---|---|---|---|---|---|
r-devel-linux-x86_64-debian-clang | 0.1.1 | 195.76 | 164.21 | 359.97 | NOTE | |
r-devel-linux-x86_64-debian-gcc | 0.1.1 | NOTE | ||||
r-devel-linux-x86_64-fedora-clang | 0.1.1 | 446.37 | NOTE | |||
r-devel-linux-x86_64-fedora-gcc | 0.1.1 | 523.38 | NOTE | |||
r-devel-windows-x86_64 | 0.1.1 | 160.00 | 176.00 | 336.00 | NOTE | |
r-patched-linux-x86_64 | 0.1.1 | NOTE | ||||
r-release-linux-x86_64 | 0.1.1 | 146.17 | 171.79 | 317.96 | NOTE | |
r-release-macos-arm64 | 0.1.1 | 106.00 | NOTE | |||
r-release-macos-x86_64 | 0.1.1 | 183.00 | NOTE | |||
r-release-windows-x86_64 | 0.1.1 | 146.00 | 174.00 | 320.00 | NOTE | |
r-oldrel-macos-arm64 | 0.1.1 | 99.00 | NOTE | |||
r-oldrel-macos-x86_64 | 0.1.1 | 171.00 | NOTE | |||
r-oldrel-windows-x86_64 | 0.1.1 | 186.00 | 184.00 | 370.00 | NOTE |
Version: 0.1.1
Check: for GNU extensions in Makefiles
Result: NOTE
GNU make is a SystemRequirements.
Flavors: r-devel-linux-x86_64-debian-clang, r-devel-linux-x86_64-debian-gcc, r-devel-linux-x86_64-fedora-clang, r-devel-linux-x86_64-fedora-gcc, r-devel-windows-x86_64, r-patched-linux-x86_64, r-release-linux-x86_64, r-release-macos-arm64, r-release-macos-x86_64, r-release-windows-x86_64, r-oldrel-macos-arm64, r-oldrel-macos-x86_64, r-oldrel-windows-x86_64
Version: 0.1.1
Check: dependencies in R code
Result: NOTE
Namespace in Imports field not imported from: ‘rstantools’
All declared Imports should be used.
Flavors: r-devel-linux-x86_64-fedora-clang, r-devel-linux-x86_64-fedora-gcc
Version: 0.1.1
Check: installed package size
Result: NOTE
installed size is 49.0Mb
sub-directories of 1Mb or more:
libs 48.8Mb
Flavors: r-release-macos-arm64, r-release-macos-x86_64, r-oldrel-macos-arm64, r-oldrel-macos-x86_64