Last updated on 2024-04-18 08:54:23 CEST.
Flavor | Version | Tinstall | Tcheck | Ttotal | Status | Flags |
---|---|---|---|---|---|---|
r-devel-linux-x86_64-debian-clang | 0.6.1 | 65.14 | 42.57 | 107.71 | NOTE | |
r-devel-linux-x86_64-debian-gcc | 0.6.1 | 52.85 | 32.89 | 85.74 | NOTE | |
r-devel-linux-x86_64-fedora-clang | 0.6.1 | 182.96 | NOTE | |||
r-devel-linux-x86_64-fedora-gcc | 0.6.1 | 164.62 | NOTE | |||
r-prerel-macos-arm64 | 0.6.1 | 46.00 | NOTE | |||
r-prerel-windows-x86_64 | 0.6.1 | 57.00 | 93.00 | 150.00 | NOTE | |
r-patched-linux-x86_64 | 0.6.1 | 69.01 | 40.72 | 109.73 | NOTE | |
r-release-linux-x86_64 | 0.6.1 | 65.88 | 39.48 | 105.36 | NOTE | |
r-release-macos-arm64 | 0.6.1 | 48.00 | NOTE | |||
r-release-macos-x86_64 | 0.6.1 | 86.00 | NOTE | |||
r-release-windows-x86_64 | 0.6.1 | 57.00 | 96.00 | 153.00 | NOTE | |
r-oldrel-macos-arm64 | 0.6.1 | 40.00 | NOTE | |||
r-oldrel-windows-x86_64 | 0.6.1 | 69.00 | 79.00 | 148.00 | NOTE |
Version: 0.6.1
Check: C++ specification
Result: NOTE
Specified C++11: please drop specification unless essential
Flavors: r-devel-linux-x86_64-debian-clang, r-devel-linux-x86_64-debian-gcc, r-devel-linux-x86_64-fedora-clang, r-devel-linux-x86_64-fedora-gcc, r-prerel-macos-arm64, r-prerel-windows-x86_64, r-patched-linux-x86_64, r-release-linux-x86_64, r-release-macos-arm64, r-release-macos-x86_64, r-release-windows-x86_64
Version: 0.6.1
Check: LazyData
Result: NOTE
'LazyData' is specified without a 'data' directory
Flavors: r-devel-linux-x86_64-debian-clang, r-devel-linux-x86_64-debian-gcc, r-devel-linux-x86_64-fedora-clang, r-devel-linux-x86_64-fedora-gcc, r-prerel-macos-arm64, r-prerel-windows-x86_64, r-patched-linux-x86_64, r-release-linux-x86_64, r-release-macos-arm64, r-release-macos-x86_64, r-release-windows-x86_64, r-oldrel-macos-arm64, r-oldrel-windows-x86_64
Version: 0.6.1
Check: installed package size
Result: NOTE
installed size is 5.6Mb
sub-directories of 1Mb or more:
libs 4.8Mb
Flavors: r-prerel-macos-arm64, r-release-macos-arm64, r-release-macos-x86_64, r-oldrel-macos-arm64