Last updated on 2021-03-06 07:53:14 CET.
Flavor | Version | Tinstall | Tcheck | Ttotal | Status | Flags |
---|---|---|---|---|---|---|
r-devel-linux-x86_64-debian-clang | 1.3.4 | 42.65 | 89.04 | 131.69 | OK | |
r-devel-linux-x86_64-debian-gcc | 1.3.4 | 31.49 | 66.52 | 98.01 | OK | |
r-devel-linux-x86_64-fedora-clang | 1.3.4 | 173.49 | NOTE | |||
r-devel-linux-x86_64-fedora-gcc | 1.3.4 | 172.19 | OK | |||
r-devel-windows-ix86+x86_64 | 1.3.4 | 100.00 | 190.00 | 290.00 | NOTE | |
r-patched-linux-x86_64 | 1.3.4 | OK | ||||
r-patched-solaris-x86 | 1.3.4 | 207.00 | OK | |||
r-release-linux-x86_64 | 1.3.4 | 35.90 | 83.96 | 119.86 | OK | |
r-release-macos-x86_64 | 1.3.4 | NOTE | ||||
r-release-windows-ix86+x86_64 | 1.3.4 | 75.00 | 160.00 | 235.00 | NOTE | |
r-oldrel-macos-x86_64 | 1.3.4 | NOTE | ||||
r-oldrel-windows-ix86+x86_64 | 1.3.4 | 66.00 | 144.00 | 210.00 | OK |
Version: 1.3.4
Check: installed package size
Result: NOTE
installed size is 6.3Mb
sub-directories of 1Mb or more:
data 1.6Mb
extdata 1.1Mb
libs 3.0Mb
Flavors: r-devel-linux-x86_64-fedora-clang, r-devel-windows-ix86+x86_64, r-release-macos-x86_64, r-release-windows-ix86+x86_64, r-oldrel-macos-x86_64