Last updated on 2024-04-25 07:59:48 CEST.
Flavor | Version | Tinstall | Tcheck | Ttotal | Status | Flags |
---|---|---|---|---|---|---|
r-devel-linux-x86_64-debian-clang | 1.2.0 | 21.78 | 143.47 | 165.25 | OK | |
r-devel-linux-x86_64-debian-gcc | 1.2.0 | 15.28 | 104.35 | 119.63 | OK | |
r-devel-linux-x86_64-fedora-clang | 1.2.0 | 202.91 | NOTE | |||
r-devel-linux-x86_64-fedora-gcc | 1.2.0 | 191.07 | NOTE | |||
r-devel-windows-x86_64 | 1.2.0 | 17.00 | 125.00 | 142.00 | OK | |
r-patched-linux-x86_64 | 1.2.0 | 20.19 | 134.19 | 154.38 | OK | |
r-release-linux-x86_64 | 1.2.0 | 18.50 | 141.71 | 160.21 | OK | |
r-release-macos-arm64 | 1.2.0 | 58.00 | OK | |||
r-release-windows-x86_64 | 1.2.0 | 16.00 | 124.00 | 140.00 | OK | |
r-oldrel-macos-arm64 | 1.2.0 | 60.00 | OK | |||
r-oldrel-macos-x86_64 | 1.2.0 | 95.00 | OK | |||
r-oldrel-windows-x86_64 | 1.2.0 | 23.00 | 150.00 | 173.00 | OK |
Version: 1.2.0
Check: dependencies in R code
Result: NOTE
Namespace in Imports field not imported from: ‘magrittr’
All declared Imports should be used.
Flavors: r-devel-linux-x86_64-fedora-clang, r-devel-linux-x86_64-fedora-gcc