Last updated on 2024-04-24 07:57:35 CEST.
Flavor | Version | Tinstall | Tcheck | Ttotal | Status | Flags |
---|---|---|---|---|---|---|
r-devel-linux-x86_64-debian-clang | 1.2.2 | 16.09 | 320.59 | 336.68 | OK | |
r-devel-linux-x86_64-debian-gcc | 1.2.2 | 11.07 | 222.13 | 233.20 | OK | |
r-devel-linux-x86_64-fedora-clang | 1.2.2 | 404.47 | NOTE | |||
r-devel-linux-x86_64-fedora-gcc | 1.2.2 | 385.81 | NOTE | |||
r-prerel-macos-arm64 | 1.2.2 | 100.00 | OK | |||
r-prerel-windows-x86_64 | 1.2.2 | 14.00 | 196.00 | 210.00 | OK | |
r-patched-linux-x86_64 | 1.2.2 | 12.83 | 301.09 | 313.92 | OK | |
r-release-linux-x86_64 | 1.2.2 | 14.55 | 305.06 | 319.61 | OK | |
r-release-macos-arm64 | 1.2.2 | 49.00 | OK | |||
r-release-macos-x86_64 | 1.2.2 | 101.00 | OK | |||
r-release-windows-x86_64 | 1.2.2 | 18.00 | 285.00 | 303.00 | OK | |
r-oldrel-macos-arm64 | 1.2.2 | 54.00 | OK | |||
r-oldrel-windows-x86_64 | 1.2.2 | 20.00 | 278.00 | 298.00 | OK |
Version: 1.2.2
Check: dependencies in R code
Result: NOTE
Namespaces in Imports field not imported from:
‘circlize’ ‘utils’
All declared Imports should be used.
Flavors: r-devel-linux-x86_64-fedora-clang, r-devel-linux-x86_64-fedora-gcc