CRAN Package Check Results for Package CISE

Last updated on 2021-05-18 08:48:06 CEST.

Flavor Version Tinstall Tcheck Ttotal Status Flags
r-devel-linux-x86_64-debian-clang 0.1.0 9.16 86.20 95.36 NOTE
r-devel-linux-x86_64-debian-gcc 0.1.0 7.70 65.85 73.55 NOTE
r-devel-linux-x86_64-fedora-clang 0.1.0 123.03 OK
r-devel-linux-x86_64-fedora-gcc 0.1.0 113.32 OK
r-devel-windows-ix86+x86_64 0.1.0 20.00 109.00 129.00 NOTE
r-devel-windows-x86_64-gcc10-UCRT 0.1.0 OK
r-patched-linux-x86_64 0.1.0 9.60 82.84 92.44 NOTE
r-patched-solaris-x86 0.1.0 185.60 OK
r-release-linux-x86_64 0.1.0 8.69 80.69 89.38 NOTE
r-release-macos-x86_64 0.1.0 OK
r-release-windows-ix86+x86_64 0.1.0 14.00 80.00 94.00 NOTE
r-oldrel-macos-x86_64 0.1.0 OK
r-oldrel-windows-ix86+x86_64 0.1.0 13.00 94.00 107.00 OK

Check Details

Version: 0.1.0
Check: package vignettes
Result: NOTE
    Package vignette with placeholder title 'Vignette Title':
     'CISE_vignette.Rmd'
Flavors: r-devel-linux-x86_64-debian-clang, r-devel-linux-x86_64-debian-gcc, r-devel-windows-ix86+x86_64, r-patched-linux-x86_64, r-release-linux-x86_64, r-release-windows-ix86+x86_64