Last updated on 2024-04-24 07:57:35 CEST.
Flavor | Version | Tinstall | Tcheck | Ttotal | Status | Flags |
---|---|---|---|---|---|---|
r-devel-linux-x86_64-debian-clang | 1.0 | 5.85 | 65.68 | 71.53 | NOTE | |
r-devel-linux-x86_64-debian-gcc | 1.0 | 6.16 | 48.80 | 54.96 | NOTE | |
r-devel-linux-x86_64-fedora-clang | 1.0 | 90.90 | NOTE | |||
r-devel-linux-x86_64-fedora-gcc | 1.0 | 86.43 | NOTE | |||
r-prerel-macos-arm64 | 1.0 | 29.00 | NOTE | |||
r-prerel-windows-x86_64 | 1.0 | 6.00 | 63.00 | 69.00 | NOTE | |
r-patched-linux-x86_64 | 1.0 | 7.07 | 62.44 | 69.51 | NOTE | |
r-release-linux-x86_64 | 1.0 | 7.18 | 62.42 | 69.60 | NOTE | |
r-release-macos-arm64 | 1.0 | 35.00 | NOTE | |||
r-release-macos-x86_64 | 1.0 | 50.00 | NOTE | |||
r-release-windows-x86_64 | 1.0 | 10.00 | 71.00 | 81.00 | NOTE | |
r-oldrel-macos-arm64 | 1.0 | 28.00 | NOTE | |||
r-oldrel-windows-x86_64 | 1.0 | 9.00 | 77.00 | 86.00 | NOTE |
Version: 1.0
Check: package dependencies
Result: NOTE
Package suggested but not available for checking: ‘userfriendlyscience’
Flavors: r-devel-linux-x86_64-debian-clang, r-devel-linux-x86_64-debian-gcc, r-devel-linux-x86_64-fedora-clang, r-devel-linux-x86_64-fedora-gcc, r-prerel-macos-arm64, r-prerel-windows-x86_64, r-patched-linux-x86_64, r-release-linux-x86_64, r-release-macos-arm64, r-release-macos-x86_64, r-release-windows-x86_64, r-oldrel-macos-arm64, r-oldrel-windows-x86_64
Version: 1.0
Check: Rd files
Result: NOTE
checkRd: (-1) CIplot.Rd:58: Lost braces; missing escapes or markup?
58 | \item{las}{numeric in {0,1,2,3}; the style of axis labels.
| ^
Flavors: r-devel-linux-x86_64-debian-clang, r-devel-linux-x86_64-debian-gcc, r-devel-linux-x86_64-fedora-clang, r-devel-linux-x86_64-fedora-gcc, r-prerel-macos-arm64, r-prerel-windows-x86_64, r-patched-linux-x86_64