CRAN Package Check Results for Package CNLTreg

Last updated on 2024-07-20 08:49:38 CEST.

Flavor Version Tinstall Tcheck Ttotal Status Flags
r-devel-linux-x86_64-debian-clang 0.1-2 2.99 34.15 37.14 NOTE
r-devel-linux-x86_64-debian-gcc 0.1-2 2.25 25.33 27.58 NOTE
r-devel-linux-x86_64-fedora-clang 0.1-2 46.30 NOTE
r-devel-linux-x86_64-fedora-gcc 0.1-2 42.48 NOTE
r-devel-windows-x86_64 0.1-2 4.00 47.00 51.00 NOTE
r-patched-linux-x86_64 0.1-2 3.25 31.63 34.88 NOTE
r-release-linux-x86_64 0.1-2 2.26 32.22 34.48 NOTE
r-release-macos-arm64 0.1-2 19.00 NOTE
r-release-macos-x86_64 0.1-2 25.00 NOTE
r-release-windows-x86_64 0.1-2 3.00 47.00 50.00 NOTE
r-oldrel-macos-arm64 0.1-2 23.00 OK
r-oldrel-macos-x86_64 0.1-2 22.00 OK
r-oldrel-windows-x86_64 0.1-2 3.00 48.00 51.00 OK

Check Details

Version: 0.1-2
Check: Rd files
Result: NOTE checkRd: (-1) cnlt.reg.Rd:43: Lost braces 43 | \emph{Technometrics}, bold{60} (1), 48-60, DOI 10.1080/00401706.2017.1281846.\cr\cr | ^ checkRd: (-1) fwtnppermC.Rd:35: Lost braces 35 | Given \eqn{n} points on a line, \env{x}, each with a corresponding env{f} value this function computes | ^ Flavors: r-devel-linux-x86_64-debian-clang, r-devel-linux-x86_64-debian-gcc, r-devel-linux-x86_64-fedora-clang, r-devel-linux-x86_64-fedora-gcc, r-devel-windows-x86_64, r-patched-linux-x86_64, r-release-linux-x86_64, r-release-macos-arm64, r-release-macos-x86_64, r-release-windows-x86_64

Version: 0.1-2
Check: Rd cross-references
Result: NOTE Undeclared package ‘wavethresh’ in Rd xrefs Flavor: r-devel-linux-x86_64-fedora-clang