Last updated on 2021-04-15 09:49:54 CEST.
Flavor | Version | Tinstall | Tcheck | Ttotal | Status | Flags |
---|---|---|---|---|---|---|
r-devel-linux-x86_64-debian-clang | 3.5.6 | 42.10 | 626.94 | 669.04 | OK | |
r-devel-linux-x86_64-debian-gcc | 3.5.6 | 34.55 | 474.19 | 508.74 | OK | |
r-devel-linux-x86_64-fedora-clang | 3.5.6 | 901.33 | NOTE | |||
r-devel-linux-x86_64-fedora-gcc | 3.5.6 | 894.17 | OK | |||
r-devel-windows-ix86+x86_64 | 3.5.6 | 26.00 | 8.00 | 34.00 | ERROR | |
r-devel-windows-x86_64-gcc10-UCRT | 3.5.6 | ERROR | ||||
r-patched-linux-x86_64 | 3.5.6 | 41.84 | 582.32 | 624.16 | OK | |
r-patched-solaris-x86 | 3.5.6 | 1204.20 | NOTE | |||
r-release-linux-x86_64 | 3.5.6 | 41.95 | 587.21 | 629.16 | OK | |
r-release-macos-x86_64 | 3.5.6 | ERROR | ||||
r-release-windows-ix86+x86_64 | 3.5.6 | 155.00 | 781.00 | 936.00 | NOTE | |
r-oldrel-macos-x86_64 | 3.5.6 | ERROR | ||||
r-oldrel-windows-ix86+x86_64 | 3.5.6 | 13.00 | 6.00 | 19.00 | ERROR |
Version: 3.5.6
Check: installed package size
Result: NOTE
installed size is 5.3Mb
sub-directories of 1Mb or more:
doc 3.3Mb
extdata 1.7Mb
Flavors: r-devel-linux-x86_64-fedora-clang, r-patched-solaris-x86, r-release-windows-ix86+x86_64
Version: 3.5.6
Check: whether package can be installed
Result: ERROR
Installation failed.
Flavors: r-devel-windows-ix86+x86_64, r-oldrel-windows-ix86+x86_64
Version: 3.5.6
Check: package dependencies
Result: ERROR
Packages required but not available: 'GenomicInteractions', 'rtracklayer'
Packages suggested but not available for checking:
'GenomicFeatures', 'BSgenome.Hsapiens.UCSC.hg19'
See section 'The DESCRIPTION file' in the 'Writing R Extensions'
manual.
Flavor: r-devel-windows-x86_64-gcc10-UCRT
Version: 3.5.6
Check: package dependencies
Result: ERROR
Package required but not available: ‘GenomicInteractions’
Package suggested but not available for checking: ‘InteractionSet’
See section ‘The DESCRIPTION file’ in the ‘Writing R Extensions’
manual.
Flavor: r-release-macos-x86_64
Version: 3.5.6
Check: package dependencies
Result: ERROR
Package required but not available: ‘GenomicInteractions’
Packages suggested but not available for checking:
'InteractionSet', 'BSgenome.Hsapiens.UCSC.hg19'
See section ‘The DESCRIPTION file’ in the ‘Writing R Extensions’
manual.
Flavor: r-oldrel-macos-x86_64