CRAN Package Check Results for Package CPAT

Last updated on 2021-05-14 09:50:47 CEST.

Flavor Version Tinstall Tcheck Ttotal Status Flags
r-devel-linux-x86_64-debian-clang 0.1.0 41.44 90.35 131.79 OK
r-devel-linux-x86_64-debian-gcc 0.1.0 24.09 56.06 80.15 OK
r-devel-linux-x86_64-fedora-clang 0.1.0 174.11 NOTE
r-devel-linux-x86_64-fedora-gcc 0.1.0 137.10 NOTE
r-devel-windows-ix86+x86_64 0.1.0 91.00 182.00 273.00 OK
r-devel-windows-x86_64-gcc10-UCRT 0.1.0 NOTE
r-patched-linux-x86_64 0.1.0 30.54 72.72 103.26 OK
r-patched-solaris-x86 0.1.0 193.70 NOTE
r-release-linux-x86_64 0.1.0 29.94 71.16 101.10 OK
r-release-macos-x86_64 0.1.0 NOTE
r-release-windows-ix86+x86_64 0.1.0 68.00 163.00 231.00 OK
r-oldrel-macos-x86_64 0.1.0 NOTE
r-oldrel-windows-ix86+x86_64 0.1.0 83.00 166.00 249.00 OK

Check Details

Version: 0.1.0
Check: dependencies in R code
Result: NOTE
    Namespaces in Imports field not imported from:
     ‘Rdpack’ ‘grDevices’
     All declared Imports should be used.
Flavors: r-devel-linux-x86_64-fedora-clang, r-devel-linux-x86_64-fedora-gcc, r-devel-windows-x86_64-gcc10-UCRT, r-patched-solaris-x86, r-release-macos-x86_64, r-oldrel-macos-x86_64