Last updated on 2024-04-19 08:54:34 CEST.
Flavor | Version | Tinstall | Tcheck | Ttotal | Status | Flags |
---|---|---|---|---|---|---|
r-devel-linux-x86_64-debian-clang | 1.3.0 | 11.25 | 172.05 | 183.30 | NOTE | |
r-devel-linux-x86_64-debian-gcc | 1.3.0 | NOTE | ||||
r-devel-linux-x86_64-fedora-clang | 1.3.0 | 226.58 | NOTE | |||
r-devel-linux-x86_64-fedora-gcc | 1.3.0 | 225.69 | NOTE | |||
r-prerel-macos-arm64 | 1.3.0 | 67.00 | OK | |||
r-prerel-windows-x86_64 | 1.3.0 | 12.00 | 143.00 | 155.00 | OK | |
r-patched-linux-x86_64 | 1.3.0 | 14.11 | 158.31 | 172.42 | NOTE | |
r-release-linux-x86_64 | 1.3.0 | 11.44 | 154.80 | 166.24 | NOTE | |
r-release-macos-arm64 | 1.3.0 | 73.00 | OK | |||
r-release-macos-x86_64 | 1.3.0 | 132.00 | OK | |||
r-release-windows-x86_64 | 1.3.0 | 17.00 | 184.00 | 201.00 | OK | |
r-oldrel-macos-arm64 | 1.3.0 | 67.00 | OK | |||
r-oldrel-windows-x86_64 | 1.3.0 | 17.00 | 173.00 | 190.00 | OK |
Version: 1.3.0
Check: for non-standard things in the check directory
Result: NOTE
Found the following files/directories:
‘MDA231_tree.pdf’
Flavors: r-devel-linux-x86_64-debian-clang, r-devel-linux-x86_64-debian-gcc, r-devel-linux-x86_64-fedora-clang, r-devel-linux-x86_64-fedora-gcc, r-patched-linux-x86_64, r-release-linux-x86_64