Last updated on 2024-04-19 08:54:34 CEST.
Flavor | Version | Tinstall | Tcheck | Ttotal | Status | Flags |
---|---|---|---|---|---|---|
r-devel-linux-x86_64-debian-clang | 2.0.3 | 29.83 | 56.50 | 86.33 | NOTE | |
r-devel-linux-x86_64-debian-gcc | 2.0.3 | NOTE | ||||
r-devel-linux-x86_64-fedora-clang | 2.0.3 | 108.14 | NOTE | |||
r-devel-linux-x86_64-fedora-gcc | 2.0.3 | 101.62 | NOTE | |||
r-prerel-macos-arm64 | 2.0.3 | 28.00 | NOTE | |||
r-prerel-windows-x86_64 | 2.0.3 | 22.00 | 72.00 | 94.00 | NOTE | |
r-patched-linux-x86_64 | 2.0.3 | 25.22 | 53.82 | 79.04 | NOTE | |
r-release-linux-x86_64 | 2.0.3 | 27.39 | 51.30 | 78.69 | NOTE | |
r-release-macos-arm64 | 2.0.3 | 30.00 | NOTE | |||
r-release-macos-x86_64 | 2.0.3 | 49.00 | NOTE | |||
r-release-windows-x86_64 | 2.0.3 | 27.00 | 87.00 | 114.00 | NOTE | |
r-oldrel-macos-arm64 | 2.0.3 | 30.00 | OK | |||
r-oldrel-windows-x86_64 | 2.0.3 | 26.00 | 84.00 | 110.00 | OK |
Version: 2.0.3
Check: C++ specification
Result: NOTE
Specified C++14: please drop specification unless essential
Flavors: r-devel-linux-x86_64-debian-clang, r-devel-linux-x86_64-debian-gcc, r-devel-linux-x86_64-fedora-clang, r-devel-linux-x86_64-fedora-gcc, r-prerel-macos-arm64, r-prerel-windows-x86_64, r-patched-linux-x86_64, r-release-linux-x86_64, r-release-macos-arm64, r-release-macos-x86_64, r-release-windows-x86_64