Last updated on 2023-02-08 07:54:24 CET.
Flavor | Version | Tinstall | Tcheck | Ttotal | Status | Flags |
---|---|---|---|---|---|---|
r-devel-linux-x86_64-debian-clang | 2.0.3 | 23.91 | 53.25 | 77.16 | NOTE | |
r-devel-linux-x86_64-debian-gcc | 2.0.3 | 19.39 | 38.86 | 58.25 | NOTE | |
r-devel-linux-x86_64-fedora-clang | 2.0.3 | 104.43 | NOTE | |||
r-devel-linux-x86_64-fedora-gcc | 2.0.3 | 100.39 | NOTE | |||
r-devel-windows-x86_64 | 2.0.3 | 30.00 | 93.00 | 123.00 | NOTE | |
r-patched-linux-x86_64 | 2.0.3 | 17.78 | 51.68 | 69.46 | OK | |
r-release-linux-x86_64 | 2.0.3 | 21.44 | 51.52 | 72.96 | OK | |
r-release-macos-arm64 | 2.0.3 | 30.00 | OK | |||
r-release-macos-x86_64 | 2.0.3 | 41.00 | OK | |||
r-release-windows-x86_64 | 2.0.3 | 29.00 | 103.00 | 132.00 | OK | |
r-oldrel-macos-arm64 | 2.0.3 | 32.00 | OK | |||
r-oldrel-macos-x86_64 | 2.0.3 | 40.00 | OK | |||
r-oldrel-windows-ix86+x86_64 | 2.0.3 | 60.00 | 119.00 | 179.00 | OK |
Version: 2.0.3
Check: C++ specification
Result: NOTE
Specified C++14: please update to current default of C++17
Flavors: r-devel-linux-x86_64-debian-clang, r-devel-windows-x86_64
Version: 2.0.3
Check: C++ specification
Result: NOTE
Specified C++14: please drop specification unless essential
Flavors: r-devel-linux-x86_64-debian-gcc, r-devel-linux-x86_64-fedora-clang, r-devel-linux-x86_64-fedora-gcc