CRAN Package Check Results for Package CausalQueries

Last updated on 2024-04-17 08:57:26 CEST.

Flavor Version Tinstall Tcheck Ttotal Status Flags
r-devel-linux-x86_64-debian-clang 1.1.0 228.06 341.96 570.02 NOTE
r-devel-linux-x86_64-debian-gcc 1.1.0 190.33 282.93 473.26 NOTE
r-devel-linux-x86_64-fedora-clang 1.1.0 707.89 NOTE
r-devel-linux-x86_64-fedora-gcc 1.1.0 882.20 NOTE
r-prerel-macos-arm64 1.1.0 190.00 NOTE
r-prerel-macos-x86_64 1.1.0 494.00 NOTE
r-prerel-windows-x86_64 1.1.0 172.00 404.00 576.00 WARN
r-patched-linux-x86_64 1.0.2 182.98 353.99 536.97 NOTE
r-release-linux-x86_64 1.1.0 174.61 363.90 538.51 NOTE
r-release-macos-arm64 1.1.0 186.00 NOTE
r-release-macos-x86_64 1.1.0 434.00 NOTE
r-release-windows-x86_64 1.1.0 223.00 405.00 628.00 NOTE
r-oldrel-macos-arm64 1.1.0 168.00 NOTE
r-oldrel-windows-x86_64 1.1.0 143.00 397.00 540.00 NOTE

Check Details

Version: 1.1.0
Check: for GNU extensions in Makefiles
Result: NOTE GNU make is a SystemRequirements. Flavors: r-devel-linux-x86_64-debian-clang, r-devel-linux-x86_64-debian-gcc, r-devel-linux-x86_64-fedora-clang, r-devel-linux-x86_64-fedora-gcc, r-prerel-macos-arm64, r-prerel-macos-x86_64, r-prerel-windows-x86_64, r-release-linux-x86_64, r-release-macos-arm64, r-release-macos-x86_64, r-release-windows-x86_64, r-oldrel-macos-arm64, r-oldrel-windows-x86_64

Version: 1.1.0
Check: installed package size
Result: NOTE installed size is 53.6Mb sub-directories of 1Mb or more: libs 52.6Mb Flavors: r-prerel-macos-arm64, r-prerel-macos-x86_64, r-release-macos-arm64, r-release-macos-x86_64, r-oldrel-macos-arm64

Version: 1.1.0
Check: for unstated dependencies in ‘tests’
Result: WARN Warning: unable to access index for repository https://CRAN.R-project.org/src/contrib: cannot open URL 'https://CRAN.R-project.org/src/contrib/PACKAGES' Warning: unable to access index for repository https://bioconductor.org/packages/3.19/bioc/src/contrib: cannot open URL 'https://bioconductor.org/packages/3.19/bioc/src/contrib/PACKAGES' Warning: unable to access index for repository https://bioconductor.org/packages/3.19/data/annotation/src/contrib: cannot open URL 'https://bioconductor.org/packages/3.19/data/annotation/src/contrib/PACKAGES' Warning: unable to access index for repository https://bioconductor.org/packages/3.19/data/experiment/src/contrib: cannot open URL 'https://bioconductor.org/packages/3.19/data/experiment/src/contrib/PACKAGES' Flavor: r-prerel-windows-x86_64

Version: 1.0.2
Check: for GNU extensions in Makefiles
Result: NOTE GNU make is a SystemRequirements. Flavor: r-patched-linux-x86_64