CRAN Package Check Results for Package CensSpatial

Last updated on 2021-05-14 09:50:46 CEST.

Flavor Version Tinstall Tcheck Ttotal Status Flags
r-devel-linux-x86_64-debian-clang 2.58 23.80 165.00 188.80 OK
r-devel-linux-x86_64-debian-gcc 2.58 17.37 127.33 144.70 OK
r-devel-linux-x86_64-fedora-clang 2.58 242.82 OK
r-devel-linux-x86_64-fedora-gcc 2.58 229.62 OK
r-devel-windows-ix86+x86_64 2.58 41.00 181.00 222.00 OK
r-devel-windows-x86_64-gcc10-UCRT 2.58 OK
r-patched-linux-x86_64 2.58 21.34 161.21 182.55 OK
r-patched-solaris-x86 2.58 345.10 OK
r-release-linux-x86_64 2.58 21.55 153.80 175.35 OK
r-release-macos-x86_64 2.58 OK
r-release-windows-ix86+x86_64 2.58 26.00 134.00 160.00 OK
r-oldrel-macos-x86_64 2.58 WARN
r-oldrel-windows-ix86+x86_64 2.58 33.00 5.00 38.00 ERROR

Additional issues

donttest

Check Details

Version: 2.58
Check: dependencies in R code
Result: NOTE
    No protocol specified
    No protocol specified
Flavor: r-oldrel-macos-x86_64

Version: 2.58
Check: S3 generic/method consistency
Result: WARN
    No protocol specified
    No protocol specified
    See section ‘Generic functions and methods’ in the ‘Writing R
    Extensions’ manual.
Flavor: r-oldrel-macos-x86_64

Version: 2.58
Check: replacement functions
Result: WARN
    No protocol specified
    No protocol specified
    The argument of a replacement function which corresponds to the right
    hand side must be named ‘value’.
Flavor: r-oldrel-macos-x86_64

Version: 2.58
Check: foreign function calls
Result: NOTE
    No protocol specified
    No protocol specified
    See chapter ‘System and foreign language interfaces’ in the ‘Writing R
    Extensions’ manual.
Flavor: r-oldrel-macos-x86_64

Version: 2.58
Check: R code for possible problems
Result: NOTE
    No protocol specified
    No protocol specified
Flavor: r-oldrel-macos-x86_64

Version: 2.58
Check: for missing documentation entries
Result: WARN
    No protocol specified
    No protocol specified
    All user-level objects in a package should have documentation entries.
    See chapter ‘Writing R documentation files’ in the ‘Writing R
    Extensions’ manual.
Flavor: r-oldrel-macos-x86_64

Version: 2.58
Check: for code/documentation mismatches
Result: WARN
    No protocol specified
    No protocol specified
    No protocol specified
    No protocol specified
    No protocol specified
    No protocol specified
Flavor: r-oldrel-macos-x86_64

Version: 2.58
Check: Rd \usage sections
Result: NOTE
    No protocol specified
    No protocol specified
    The \usage entries for S3 methods should use the \method markup and not
    their full name.
    See chapter ‘Writing R documentation files’ in the ‘Writing R
    Extensions’ manual.
Flavor: r-oldrel-macos-x86_64

Version: 2.58
Check: whether package can be installed
Result: ERROR
    Installation failed.
Flavor: r-oldrel-windows-ix86+x86_64